{"id":6316,"date":"2021-02-03T13:17:32","date_gmt":"2021-02-03T13:17:32","guid":{"rendered":"https:\/\/back.mascotarea.com\/producto\/profine-cat-light-turkey-2-kg\/"},"modified":"2023-10-21T12:17:07","modified_gmt":"2023-10-21T12:17:07","slug":"profine-cat-light-turkey-2-kg","status":"publish","type":"product","link":"https:\/\/back.mascotarea.com\/?product=profine-cat-light-turkey-2-kg","title":{"rendered":"Profine Cat Light Turkey 2 Kg"},"content":{"rendered":"<p>COMPOSICI\u00d3N: <\/p>\n<p>Pavo deshidratado (22%), pollo deshidratado (21%), ma\u00edz, arroz (12%), pulpa de remolacha, manzanas deshidratadas, grasa de pollo (conservada con tocoferoles mezclados) (3%), h\u00edgado de pollo hidrolizado (2%), levadura de cerveza, aceite de salm\u00f3n (1%), algas marinas (0,5%), mezcla de hierbas (hinojo, albahaca, salvia 0,02%), ra\u00edces de achicoria (fuente de manano-oligosac\u00e1ridos 0,015%), fructo-oligosac\u00e1ridos (0,012%), extracto de yucca schidigera (0,008%). <\/p>\n","protected":false},"excerpt":{"rendered":"<p>Receta natural con pavo, pollo y arroz para control de peso en gatos con sobrepeso.<\/p>\n<p>Profine Light para Gatos con Sobrepeso es un pienso de gama s\u00faper-premium encofaco a los gatos que deben disminuir su peso. Este pienso  para gatos es rico en prote\u00ednas de f\u00e1cil digesti\u00f3n y asegura la baja de grasa por su alta digestibilidad.<\/p>\n<p>El pienso Profine Light para Gatos con Sobrepeso es una receta compuesta mayormente por pavo natural, pollo natural y arroz, adem\u00e1s, tambi\u00e9n est\u00e1 compuesto con aceite de salm\u00f3n m\u00e1s biotina, lo que favorece a un brillante pelaje y una piel saludable.<\/p>\n<p>Ventajas del pienso Profine Light para Gatos con Sobrepeso:<\/p>\n<p>Desarrollado para gatos con sobrepeso.<\/p>\n<p>Rico en aceite de salm\u00f3n.<\/p>\n<p> Alta digestibilidad y eficiencia.<\/p>\n<p><\/p>\n","protected":false},"featured_media":6315,"comment_status":"open","ping_status":"closed","template":"","meta":{"_uag_custom_page_level_css":"","_themeisle_gutenberg_block_has_review":false},"product_cat":[187],"product_tag":[],"class_list":{"0":"post-6316","1":"product","2":"type-product","3":"status-publish","4":"has-post-thumbnail","6":"product_cat-pienso-seco-para-gato","8":"first","9":"outofstock","10":"taxable","11":"shipping-taxable","12":"purchasable","13":"product-type-simple","14":"customify-col"},"uagb_featured_image_src":{"full":["https:\/\/back.mascotarea.com\/wp-content\/uploads\/2021\/02\/profine-cat-light-turkey-2-kg_10634.jpg",800,1000,false],"thumbnail":["https:\/\/back.mascotarea.com\/wp-content\/uploads\/2021\/02\/profine-cat-light-turkey-2-kg_10634-150x150.jpg",150,150,true],"medium":["https:\/\/back.mascotarea.com\/wp-content\/uploads\/2021\/02\/profine-cat-light-turkey-2-kg_10634-240x300.jpg",240,300,true],"medium_large":["https:\/\/back.mascotarea.com\/wp-content\/uploads\/2021\/02\/profine-cat-light-turkey-2-kg_10634-768x960.jpg",768,960,true],"large":["https:\/\/back.mascotarea.com\/wp-content\/uploads\/2021\/02\/profine-cat-light-turkey-2-kg_10634.jpg",800,1000,false],"1536x1536":["https:\/\/back.mascotarea.com\/wp-content\/uploads\/2021\/02\/profine-cat-light-turkey-2-kg_10634.jpg",800,1000,false],"2048x2048":["https:\/\/back.mascotarea.com\/wp-content\/uploads\/2021\/02\/profine-cat-light-turkey-2-kg_10634.jpg",800,1000,false],"woocommerce_thumbnail":["https:\/\/back.mascotarea.com\/wp-content\/uploads\/2021\/02\/profine-cat-light-turkey-2-kg_10634-200x200.jpg",200,200,true],"woocommerce_single":["https:\/\/back.mascotarea.com\/wp-content\/uploads\/2021\/02\/profine-cat-light-turkey-2-kg_10634-200x250.jpg",200,250,true],"woocommerce_gallery_thumbnail":["https:\/\/back.mascotarea.com\/wp-content\/uploads\/2021\/02\/profine-cat-light-turkey-2-kg_10634-100x100.jpg",100,100,true],"dgwt-wcas-product-suggestion":["https:\/\/back.mascotarea.com\/wp-content\/uploads\/2021\/02\/profine-cat-light-turkey-2-kg_10634-64x80.jpg",64,80,true]},"uagb_author_info":{"display_name":"Roberto","author_link":"https:\/\/back.mascotarea.com\/?author=0"},"uagb_comment_info":0,"uagb_excerpt":"Receta natural con pavo, pollo y arroz para control de peso en gatos con sobrepeso.Profine Light para Gatos con Sobrepeso es un pienso de gama s\u00faper-premium encofaco a los gatos que deben disminuir su peso. Este pienso para gatos es rico en prote\u00ednas de f\u00e1cil digesti\u00f3n y asegura la baja de grasa por su alta&hellip;","_links":{"self":[{"href":"https:\/\/back.mascotarea.com\/index.php?rest_route=\/wp\/v2\/product\/6316","targetHints":{"allow":["GET"]}}],"collection":[{"href":"https:\/\/back.mascotarea.com\/index.php?rest_route=\/wp\/v2\/product"}],"about":[{"href":"https:\/\/back.mascotarea.com\/index.php?rest_route=\/wp\/v2\/types\/product"}],"replies":[{"embeddable":true,"href":"https:\/\/back.mascotarea.com\/index.php?rest_route=%2Fwp%2Fv2%2Fcomments&post=6316"}],"wp:featuredmedia":[{"embeddable":true,"href":"https:\/\/back.mascotarea.com\/index.php?rest_route=\/wp\/v2\/media\/6315"}],"wp:attachment":[{"href":"https:\/\/back.mascotarea.com\/index.php?rest_route=%2Fwp%2Fv2%2Fmedia&parent=6316"}],"wp:term":[{"taxonomy":"product_cat","embeddable":true,"href":"https:\/\/back.mascotarea.com\/index.php?rest_route=%2Fwp%2Fv2%2Fproduct_cat&post=6316"},{"taxonomy":"product_tag","embeddable":true,"href":"https:\/\/back.mascotarea.com\/index.php?rest_route=%2Fwp%2Fv2%2Fproduct_tag&post=6316"}],"curies":[{"name":"wp","href":"https:\/\/api.w.org\/{rel}","templated":true}]}}