{"id":6508,"date":"2021-02-04T12:11:25","date_gmt":"2021-02-04T12:11:25","guid":{"rendered":"https:\/\/back.mascotarea.com\/producto\/advance-snack-7-years-150gr-0-15-kg\/"},"modified":"2024-04-25T10:59:58","modified_gmt":"2024-04-25T10:59:58","slug":"advance-snack-7-years-150gr-0-15-kg","status":"publish","type":"product","link":"https:\/\/back.mascotarea.com\/?product=advance-snack-7-years-150gr-0-15-kg","title":{"rendered":"Advance Snack +7 Years 150gr 0,15 Kg"},"content":{"rendered":"<p><\/p>\n<p>Ingredientes:<\/p>\n<p>Cereales, Subproductos de origen vegetal, Carnes y subproductos animales(0,04% sulfato de condroitina ), Az\u00facares, Algas (fuente natural de omega 3), Sustancias minerales, Moluscos y crust\u00e1ceos (0,05% glucosamina),<\/p>\n<p><\/p>\n","protected":false},"excerpt":{"rendered":"<p>Senior +7 Snack<\/p>\n<p>A partir de 7 a\u00f1os<\/p>\n<p>ADVANCE  +7 A\u00f1os Snack es una galleta apetitosa y f\u00e1cil de masticar ideal para perros s\u00e9nior. Gracias a su f\u00f3rmula exclusiva, ayuda a mantener un sistema inmunol\u00f3gico sano, contribuye a ralentizar la degeneraci\u00f3n de los cart\u00edlagos y a mejorar la movilidad articular de tu perro.<\/p>\n<p><\/p>\n","protected":false},"featured_media":6507,"comment_status":"open","ping_status":"closed","template":"","meta":{"_uag_custom_page_level_css":"","_themeisle_gutenberg_block_has_review":false},"product_cat":[193],"product_tag":[],"class_list":{"0":"post-6508","1":"product","2":"type-product","3":"status-publish","4":"has-post-thumbnail","6":"product_cat-snack-para-perro","8":"first","9":"instock","10":"taxable","11":"shipping-taxable","12":"purchasable","13":"product-type-simple","14":"customify-col"},"uagb_featured_image_src":{"full":["https:\/\/back.mascotarea.com\/wp-content\/uploads\/2021\/02\/advance-snack-7-years-150gr-0-15-kg_21203.jpg",800,1000,false],"thumbnail":["https:\/\/back.mascotarea.com\/wp-content\/uploads\/2021\/02\/advance-snack-7-years-150gr-0-15-kg_21203-150x150.jpg",150,150,true],"medium":["https:\/\/back.mascotarea.com\/wp-content\/uploads\/2021\/02\/advance-snack-7-years-150gr-0-15-kg_21203-240x300.jpg",240,300,true],"medium_large":["https:\/\/back.mascotarea.com\/wp-content\/uploads\/2021\/02\/advance-snack-7-years-150gr-0-15-kg_21203-768x960.jpg",768,960,true],"large":["https:\/\/back.mascotarea.com\/wp-content\/uploads\/2021\/02\/advance-snack-7-years-150gr-0-15-kg_21203.jpg",800,1000,false],"1536x1536":["https:\/\/back.mascotarea.com\/wp-content\/uploads\/2021\/02\/advance-snack-7-years-150gr-0-15-kg_21203.jpg",800,1000,false],"2048x2048":["https:\/\/back.mascotarea.com\/wp-content\/uploads\/2021\/02\/advance-snack-7-years-150gr-0-15-kg_21203.jpg",800,1000,false],"woocommerce_thumbnail":["https:\/\/back.mascotarea.com\/wp-content\/uploads\/2021\/02\/advance-snack-7-years-150gr-0-15-kg_21203-200x200.jpg",200,200,true],"woocommerce_single":["https:\/\/back.mascotarea.com\/wp-content\/uploads\/2021\/02\/advance-snack-7-years-150gr-0-15-kg_21203-200x250.jpg",200,250,true],"woocommerce_gallery_thumbnail":["https:\/\/back.mascotarea.com\/wp-content\/uploads\/2021\/02\/advance-snack-7-years-150gr-0-15-kg_21203-100x100.jpg",100,100,true],"dgwt-wcas-product-suggestion":["https:\/\/back.mascotarea.com\/wp-content\/uploads\/2021\/02\/advance-snack-7-years-150gr-0-15-kg_21203-64x80.jpg",64,80,true]},"uagb_author_info":{"display_name":"Roberto","author_link":"https:\/\/back.mascotarea.com\/?author=0"},"uagb_comment_info":0,"uagb_excerpt":"Senior +7 SnackA partir de 7 a\u00f1osADVANCE +7 A\u00f1os Snack es una galleta apetitosa y f\u00e1cil de masticar ideal para perros s\u00e9nior. Gracias a su f\u00f3rmula exclusiva, ayuda a mantener un sistema inmunol\u00f3gico sano, contribuye a ralentizar la degeneraci\u00f3n de los cart\u00edlagos y a mejorar la movilidad articular de tu perro.","_links":{"self":[{"href":"https:\/\/back.mascotarea.com\/index.php?rest_route=\/wp\/v2\/product\/6508","targetHints":{"allow":["GET"]}}],"collection":[{"href":"https:\/\/back.mascotarea.com\/index.php?rest_route=\/wp\/v2\/product"}],"about":[{"href":"https:\/\/back.mascotarea.com\/index.php?rest_route=\/wp\/v2\/types\/product"}],"replies":[{"embeddable":true,"href":"https:\/\/back.mascotarea.com\/index.php?rest_route=%2Fwp%2Fv2%2Fcomments&post=6508"}],"wp:featuredmedia":[{"embeddable":true,"href":"https:\/\/back.mascotarea.com\/index.php?rest_route=\/wp\/v2\/media\/6507"}],"wp:attachment":[{"href":"https:\/\/back.mascotarea.com\/index.php?rest_route=%2Fwp%2Fv2%2Fmedia&parent=6508"}],"wp:term":[{"taxonomy":"product_cat","embeddable":true,"href":"https:\/\/back.mascotarea.com\/index.php?rest_route=%2Fwp%2Fv2%2Fproduct_cat&post=6508"},{"taxonomy":"product_tag","embeddable":true,"href":"https:\/\/back.mascotarea.com\/index.php?rest_route=%2Fwp%2Fv2%2Fproduct_tag&post=6508"}],"curies":[{"name":"wp","href":"https:\/\/api.w.org\/{rel}","templated":true}]}}