{"id":6626,"date":"2021-02-04T13:07:00","date_gmt":"2021-02-04T13:07:00","guid":{"rendered":"https:\/\/back.mascotarea.com\/producto\/avet-atopic-mini-1-5-kg\/"},"modified":"2024-07-16T11:27:28","modified_gmt":"2024-07-16T11:27:28","slug":"avet-atopic-mini-1-5-kg","status":"publish","type":"product","link":"https:\/\/back.mascotarea.com\/?product=avet-atopic-mini-1-5-kg","title":{"rendered":"Advance Veterinary Diet Atopic Mini 1,5 Kg"},"content":{"rendered":"<p>Ingredientes:<\/p>\n<p>Ma\u00edz, trucha(18%), arroz, prote\u00edna de ma\u00edz, prote\u00ednas deshidratadas de trucha (8%), grasa animal,estabilizada con una mezcla de tocoferoles de origen natural, prote\u00edna de patata(4%), prote\u00ednas animales hidrolizadas, pulpa de remolacha, col\u00e1geno hidrolizado (2.6%), levadura, aceite de pescado, fibra vegetal, aceite de soja, fosfato monoc\u00e1lcico, carbonato de calcio, cloruro pot\u00e1sico, sal, extracto de hoja de olivo (0.05%), aloe vera (50 mg\/kg), Fuentes de prote\u00ednas: ma\u00edz, trucha, patata y levadura., <\/p>\n","protected":false},"excerpt":{"rendered":"<p>Atopic Mini<\/p>\n<p>Dieta Veterinaria para piel at\u00f3pica<\/p>\n<p>ADVANCE VETERINARY DIETS ATOPIC MINI es un alimento diet\u00e9tico completo para perros mini , formulado para cuidar de la piel en caso de dermatitis y p\u00e9rdida de pelo excesiva, as\u00ed como para reducir de intolerancias a ingredientes y nutrientes. Gracias a su f\u00f3rmula ADVANCE VETERINARY DIETS ATOPIC MINI te ayuda a proteger la piel en perros con dermatitis at\u00f3pica, reduce el picor, restaura su barrera cut\u00e1nea y controla los brotes at\u00f3picos. Adem\u00e1s, la formula de ADVANCE VETERINARY DIETS tiene trucha y patatas como ingredientes principales disminuyendo posibles reacciones adversas al alimento ADVANCE VETERINARY DIETS ATOPIC MINI contiene croquetas espec\u00edficamente adaptadas al tama\u00f1o y necesidades de tu perro mini (&lt;10kg).<\/p>\n<p>ADVANCE VETERINARY DIETS ATOPIC MINI contiene croquetas espec\u00edficamente adaptadas al tama\u00f1o y necesidades de tu perro mini (&lt;10kg). <\/p>\n<p><\/p>\n","protected":false},"featured_media":6625,"comment_status":"open","ping_status":"closed","template":"","meta":{"_uag_custom_page_level_css":"","_themeisle_gutenberg_block_has_review":false},"product_cat":[211],"product_tag":[],"class_list":{"0":"post-6626","1":"product","2":"type-product","3":"status-publish","4":"has-post-thumbnail","6":"product_cat-dieta-veterinaria-para-perro","8":"first","9":"instock","10":"taxable","11":"shipping-taxable","12":"purchasable","13":"product-type-simple","14":"customify-col"},"uagb_featured_image_src":{"full":["https:\/\/back.mascotarea.com\/wp-content\/uploads\/2021\/02\/advance-veterinary-diet-atopic-mini-1-5-kg_19751.jpg",800,1000,false],"thumbnail":["https:\/\/back.mascotarea.com\/wp-content\/uploads\/2021\/02\/advance-veterinary-diet-atopic-mini-1-5-kg_19751-150x150.jpg",150,150,true],"medium":["https:\/\/back.mascotarea.com\/wp-content\/uploads\/2021\/02\/advance-veterinary-diet-atopic-mini-1-5-kg_19751-240x300.jpg",240,300,true],"medium_large":["https:\/\/back.mascotarea.com\/wp-content\/uploads\/2021\/02\/advance-veterinary-diet-atopic-mini-1-5-kg_19751-768x960.jpg",768,960,true],"large":["https:\/\/back.mascotarea.com\/wp-content\/uploads\/2021\/02\/advance-veterinary-diet-atopic-mini-1-5-kg_19751.jpg",800,1000,false],"1536x1536":["https:\/\/back.mascotarea.com\/wp-content\/uploads\/2021\/02\/advance-veterinary-diet-atopic-mini-1-5-kg_19751.jpg",800,1000,false],"2048x2048":["https:\/\/back.mascotarea.com\/wp-content\/uploads\/2021\/02\/advance-veterinary-diet-atopic-mini-1-5-kg_19751.jpg",800,1000,false],"woocommerce_thumbnail":["https:\/\/back.mascotarea.com\/wp-content\/uploads\/2021\/02\/advance-veterinary-diet-atopic-mini-1-5-kg_19751-200x200.jpg",200,200,true],"woocommerce_single":["https:\/\/back.mascotarea.com\/wp-content\/uploads\/2021\/02\/advance-veterinary-diet-atopic-mini-1-5-kg_19751-200x250.jpg",200,250,true],"woocommerce_gallery_thumbnail":["https:\/\/back.mascotarea.com\/wp-content\/uploads\/2021\/02\/advance-veterinary-diet-atopic-mini-1-5-kg_19751-100x100.jpg",100,100,true],"dgwt-wcas-product-suggestion":["https:\/\/back.mascotarea.com\/wp-content\/uploads\/2021\/02\/advance-veterinary-diet-atopic-mini-1-5-kg_19751-64x80.jpg",64,80,true]},"uagb_author_info":{"display_name":"Roberto","author_link":"https:\/\/back.mascotarea.com\/?author=0"},"uagb_comment_info":0,"uagb_excerpt":"Atopic MiniDieta Veterinaria para piel at\u00f3picaADVANCE VETERINARY DIETS ATOPIC MINI es un alimento diet\u00e9tico completo para perros mini , formulado para cuidar de la piel en caso de dermatitis y p\u00e9rdida de pelo excesiva, as\u00ed como para reducir de intolerancias a ingredientes y nutrientes. Gracias a su f\u00f3rmula ADVANCE VETERINARY DIETS ATOPIC MINI te ayuda&hellip;","_links":{"self":[{"href":"https:\/\/back.mascotarea.com\/index.php?rest_route=\/wp\/v2\/product\/6626","targetHints":{"allow":["GET"]}}],"collection":[{"href":"https:\/\/back.mascotarea.com\/index.php?rest_route=\/wp\/v2\/product"}],"about":[{"href":"https:\/\/back.mascotarea.com\/index.php?rest_route=\/wp\/v2\/types\/product"}],"replies":[{"embeddable":true,"href":"https:\/\/back.mascotarea.com\/index.php?rest_route=%2Fwp%2Fv2%2Fcomments&post=6626"}],"wp:featuredmedia":[{"embeddable":true,"href":"https:\/\/back.mascotarea.com\/index.php?rest_route=\/wp\/v2\/media\/6625"}],"wp:attachment":[{"href":"https:\/\/back.mascotarea.com\/index.php?rest_route=%2Fwp%2Fv2%2Fmedia&parent=6626"}],"wp:term":[{"taxonomy":"product_cat","embeddable":true,"href":"https:\/\/back.mascotarea.com\/index.php?rest_route=%2Fwp%2Fv2%2Fproduct_cat&post=6626"},{"taxonomy":"product_tag","embeddable":true,"href":"https:\/\/back.mascotarea.com\/index.php?rest_route=%2Fwp%2Fv2%2Fproduct_tag&post=6626"}],"curies":[{"name":"wp","href":"https:\/\/api.w.org\/{rel}","templated":true}]}}