{"id":6676,"date":"2021-02-04T13:51:52","date_gmt":"2021-02-04T13:51:52","guid":{"rendered":"https:\/\/back.mascotarea.com\/producto\/avet-urinary-feline-stress-1-25-kg\/"},"modified":"2024-07-16T11:27:26","modified_gmt":"2024-07-16T11:27:26","slug":"avet-urinary-feline-stress-1-25-kg","status":"publish","type":"product","link":"https:\/\/back.mascotarea.com\/?product=avet-urinary-feline-stress-1-25-kg","title":{"rendered":"Advance Veterinary Diet Urinary Feline Stress 1,25 Kg"},"content":{"rendered":"<p>Ingredientes:<\/p>\n<p>Pollo, arroz, prote\u00ednas deshidratadas de ave, prote\u00edna de ma\u00edz, harina de ma\u00edz, grasa animal, estabilizada con una mezcla de tocoferoles de origen natural, prote\u00ednas animales hidrolizadas, aceite de pescado, sal, cloruro pot\u00e1sico, pulpa de remolacha, fructooligosac\u00e1ridos, p\u00e9ptidos de pescado (0,1%), extracto de melisa (0,1%), citrato pot\u00e1sico, glucosamina (400 mg\/kg), sulfato de condroitina (100 mg\/kg), Sustancias acidificantes de la orina: prote\u00edna de ma\u00edz, \u00e1cido fosf\u00f3rico, metionina, <\/p>\n","protected":false},"excerpt":{"rendered":"<p>ADVANCE VETERINARY DIETS URINARY STRESS es un alimento diet\u00e9tico completo para gatos adultos con Melisa, Tript\u00f3fano y Peptidos de Pescado, ingredientes que ayudan a reducir el estr\u00e9s. Formulado con un nivel moderado de magnesio y propiedades acidificantes de la orina, indicado para reducir la reaparici\u00f3n de c\u00e1lculos de estruvita en la orina de tu gato.<\/p>\n","protected":false},"featured_media":6675,"comment_status":"open","ping_status":"closed","template":"","meta":{"_uag_custom_page_level_css":"","_themeisle_gutenberg_block_has_review":false},"product_cat":[202],"product_tag":[],"class_list":{"0":"post-6676","1":"product","2":"type-product","3":"status-publish","4":"has-post-thumbnail","6":"product_cat-pienso-veterinario-seco-para-gato","8":"first","9":"instock","10":"taxable","11":"shipping-taxable","12":"purchasable","13":"product-type-simple","14":"customify-col"},"uagb_featured_image_src":{"full":["https:\/\/back.mascotarea.com\/wp-content\/uploads\/2021\/02\/advance-veterinary-diet-urinary-feline-stress-1-25-kg_5306.jpg",800,1000,false],"thumbnail":["https:\/\/back.mascotarea.com\/wp-content\/uploads\/2021\/02\/advance-veterinary-diet-urinary-feline-stress-1-25-kg_5306-150x150.jpg",150,150,true],"medium":["https:\/\/back.mascotarea.com\/wp-content\/uploads\/2021\/02\/advance-veterinary-diet-urinary-feline-stress-1-25-kg_5306-240x300.jpg",240,300,true],"medium_large":["https:\/\/back.mascotarea.com\/wp-content\/uploads\/2021\/02\/advance-veterinary-diet-urinary-feline-stress-1-25-kg_5306-768x960.jpg",768,960,true],"large":["https:\/\/back.mascotarea.com\/wp-content\/uploads\/2021\/02\/advance-veterinary-diet-urinary-feline-stress-1-25-kg_5306.jpg",800,1000,false],"1536x1536":["https:\/\/back.mascotarea.com\/wp-content\/uploads\/2021\/02\/advance-veterinary-diet-urinary-feline-stress-1-25-kg_5306.jpg",800,1000,false],"2048x2048":["https:\/\/back.mascotarea.com\/wp-content\/uploads\/2021\/02\/advance-veterinary-diet-urinary-feline-stress-1-25-kg_5306.jpg",800,1000,false],"woocommerce_thumbnail":["https:\/\/back.mascotarea.com\/wp-content\/uploads\/2021\/02\/advance-veterinary-diet-urinary-feline-stress-1-25-kg_5306-200x200.jpg",200,200,true],"woocommerce_single":["https:\/\/back.mascotarea.com\/wp-content\/uploads\/2021\/02\/advance-veterinary-diet-urinary-feline-stress-1-25-kg_5306-200x250.jpg",200,250,true],"woocommerce_gallery_thumbnail":["https:\/\/back.mascotarea.com\/wp-content\/uploads\/2021\/02\/advance-veterinary-diet-urinary-feline-stress-1-25-kg_5306-100x100.jpg",100,100,true],"dgwt-wcas-product-suggestion":["https:\/\/back.mascotarea.com\/wp-content\/uploads\/2021\/02\/advance-veterinary-diet-urinary-feline-stress-1-25-kg_5306-64x80.jpg",64,80,true]},"uagb_author_info":{"display_name":"Roberto","author_link":"https:\/\/back.mascotarea.com\/?author=0"},"uagb_comment_info":0,"uagb_excerpt":"ADVANCE VETERINARY DIETS URINARY STRESS es un alimento diet\u00e9tico completo para gatos adultos con Melisa, Tript\u00f3fano y Peptidos de Pescado, ingredientes que ayudan a reducir el estr\u00e9s. Formulado con un nivel moderado de magnesio y propiedades acidificantes de la orina, indicado para reducir la reaparici\u00f3n de c\u00e1lculos de estruvita en la orina de tu gato.","_links":{"self":[{"href":"https:\/\/back.mascotarea.com\/index.php?rest_route=\/wp\/v2\/product\/6676","targetHints":{"allow":["GET"]}}],"collection":[{"href":"https:\/\/back.mascotarea.com\/index.php?rest_route=\/wp\/v2\/product"}],"about":[{"href":"https:\/\/back.mascotarea.com\/index.php?rest_route=\/wp\/v2\/types\/product"}],"replies":[{"embeddable":true,"href":"https:\/\/back.mascotarea.com\/index.php?rest_route=%2Fwp%2Fv2%2Fcomments&post=6676"}],"wp:featuredmedia":[{"embeddable":true,"href":"https:\/\/back.mascotarea.com\/index.php?rest_route=\/wp\/v2\/media\/6675"}],"wp:attachment":[{"href":"https:\/\/back.mascotarea.com\/index.php?rest_route=%2Fwp%2Fv2%2Fmedia&parent=6676"}],"wp:term":[{"taxonomy":"product_cat","embeddable":true,"href":"https:\/\/back.mascotarea.com\/index.php?rest_route=%2Fwp%2Fv2%2Fproduct_cat&post=6676"},{"taxonomy":"product_tag","embeddable":true,"href":"https:\/\/back.mascotarea.com\/index.php?rest_route=%2Fwp%2Fv2%2Fproduct_tag&post=6676"}],"curies":[{"name":"wp","href":"https:\/\/api.w.org\/{rel}","templated":true}]}}