{"id":7146,"date":"2021-02-05T15:56:31","date_gmt":"2021-02-05T15:56:31","guid":{"rendered":"https:\/\/back.mascotarea.com\/producto\/royal-canin-x-small-puppy-0-5kg\/"},"modified":"2021-02-05T15:56:31","modified_gmt":"2021-02-05T15:56:31","slug":"royal-canin-x-small-puppy-0-5kg","status":"publish","type":"product","link":"https:\/\/back.mascotarea.com\/?product=royal-canin-x-small-puppy-0-5kg","title":{"rendered":"Royal Canin  X-Small Puppy 0,5kg"},"content":{"rendered":"<p>Composici\u00f3n: prote\u00ednas de ave deshidratadas, arroz, ma\u00edz, grasas animales, aislado de prote\u00ednas vegetales*, gluten de ma\u00edz, hidrolizado de prote\u00ednas animales, pulpa de remolacha, minerales, aceite de soja, aceite de pescado, semillas e integumentos de psyllium (1%), fructo-oligosac\u00e1ridos, hidrolizado de levaduras (fuente de manano-oligosac\u00e1ridos), extracto de levaduras (fuente de betaglucanos), extracto de rosa de la India (fuente de lute\u00edna).<\/p>\n<p><\/p>\n<p>Aditivos (por kg): Aditivos nutricionales: Vitamina A: 21500 UI, Vitamina D3: 1000 UI, Vitamina E: 510 mg, E1 (Hierro): 42 mg, E2 (Yodo): 4,2 mg, E4 (Cobre): 13 mg, E5 (Manganeso): 55 mg, E6 (Zinc): 115 mg, E8 (Selenio): 0,07 mg &#8211; Aditivos tecnol\u00f3gicos: Clinoptilolita de origen sedimentario: 10 g &#8211; Aditivos organol\u00e9pticos: Extracto de yuca: 125 mg &#8211; Conservantes &#8211; Antioxidantes.<\/p>\n<p><\/p>\n<p>Componentes anal\u00edticos: Prote\u00edna bruta: 31% &#8211; Grasa bruta: 20% &#8211; Ceniza bruta: 7,9% &#8211; Fibra bruta: 1,5%. <\/p>\n","protected":false},"excerpt":{"rendered":"<p><\/p>\n<p>Alimento completo para perros &#8211; Especial para cachorros de razas muy peque\u00f1as (hasta 4 kg de peso adulto) &#8211; Hasta los 10 meses de edad.<\/p>\n","protected":false},"featured_media":0,"comment_status":"open","ping_status":"closed","template":"","meta":{"_uag_custom_page_level_css":"","_themeisle_gutenberg_block_has_review":false},"product_cat":[192],"product_tag":[],"class_list":{"0":"post-7146","1":"product","2":"type-product","3":"status-publish","5":"product_cat-pienso-seco-para-perro","7":"first","8":"outofstock","9":"taxable","10":"shipping-taxable","11":"purchasable","12":"product-type-simple","13":"customify-col"},"uagb_featured_image_src":{"full":false,"thumbnail":false,"medium":false,"medium_large":false,"large":false,"1536x1536":false,"2048x2048":false,"woocommerce_thumbnail":false,"woocommerce_single":false,"woocommerce_gallery_thumbnail":false,"dgwt-wcas-product-suggestion":false},"uagb_author_info":{"display_name":"Roberto","author_link":"https:\/\/back.mascotarea.com\/?author=0"},"uagb_comment_info":0,"uagb_excerpt":"Alimento completo para perros - Especial para cachorros de razas muy peque\u00f1as (hasta 4 kg de peso adulto) - Hasta los 10 meses de edad.","_links":{"self":[{"href":"https:\/\/back.mascotarea.com\/index.php?rest_route=\/wp\/v2\/product\/7146","targetHints":{"allow":["GET"]}}],"collection":[{"href":"https:\/\/back.mascotarea.com\/index.php?rest_route=\/wp\/v2\/product"}],"about":[{"href":"https:\/\/back.mascotarea.com\/index.php?rest_route=\/wp\/v2\/types\/product"}],"replies":[{"embeddable":true,"href":"https:\/\/back.mascotarea.com\/index.php?rest_route=%2Fwp%2Fv2%2Fcomments&post=7146"}],"wp:attachment":[{"href":"https:\/\/back.mascotarea.com\/index.php?rest_route=%2Fwp%2Fv2%2Fmedia&parent=7146"}],"wp:term":[{"taxonomy":"product_cat","embeddable":true,"href":"https:\/\/back.mascotarea.com\/index.php?rest_route=%2Fwp%2Fv2%2Fproduct_cat&post=7146"},{"taxonomy":"product_tag","embeddable":true,"href":"https:\/\/back.mascotarea.com\/index.php?rest_route=%2Fwp%2Fv2%2Fproduct_tag&post=7146"}],"curies":[{"name":"wp","href":"https:\/\/api.w.org\/{rel}","templated":true}]}}