{"id":7220,"date":"2021-02-05T17:14:40","date_gmt":"2021-02-05T17:14:40","guid":{"rendered":"https:\/\/back.mascotarea.com\/producto\/royal-canin-feline-hairball-care-salsa-85gr\/"},"modified":"2024-03-20T15:24:54","modified_gmt":"2024-03-20T15:24:54","slug":"royal-canin-feline-hairball-care-salsa-85gr","status":"publish","type":"product","link":"https:\/\/back.mascotarea.com\/?product=royal-canin-feline-hairball-care-salsa-85gr","title":{"rendered":"Royal Canin Hairball Care Laminas En Salsa 85 Gr"},"content":{"rendered":"<p>Composici\u00f3n: prote\u00ednas de ave deshidratadas, aislado de prote\u00ednas vegetales*, ma\u00edz, fibras vegetales, arroz, grasas animales, hidrolizado de prote\u00ednas animales, trigo, harina de ma\u00edz, gluten de ma\u00edz, pulpa de remolacha, levaduras completas y partes de las mismas, minerales, aceite de soja, aceite de pescado, fructo-oligosac\u00e1ridos, semillas e integumentos de psyllium (0,5%). <\/p>\n","protected":false},"excerpt":{"rendered":"<p>Alimento completo y equilibrado para gatos adultos a partir de 1 a\u00f1o que combate la formaci\u00f3n de las bolas de pelo. <\/p>\n","protected":false},"featured_media":7219,"comment_status":"open","ping_status":"closed","template":"","meta":{"_uag_custom_page_level_css":"","_themeisle_gutenberg_block_has_review":false},"product_cat":[186],"product_tag":[],"class_list":{"0":"post-7220","1":"product","2":"type-product","3":"status-publish","4":"has-post-thumbnail","6":"product_cat-alimentacion-humeda-para-gato","8":"first","9":"instock","10":"taxable","11":"shipping-taxable","12":"purchasable","13":"product-type-simple","14":"customify-col"},"uagb_featured_image_src":{"full":["https:\/\/back.mascotarea.com\/wp-content\/uploads\/2021\/02\/royal-canin-feline-hairball-care-salsa-85gr_27770.jpg",800,1000,false],"thumbnail":["https:\/\/back.mascotarea.com\/wp-content\/uploads\/2021\/02\/royal-canin-feline-hairball-care-salsa-85gr_27770-150x150.jpg",150,150,true],"medium":["https:\/\/back.mascotarea.com\/wp-content\/uploads\/2021\/02\/royal-canin-feline-hairball-care-salsa-85gr_27770-240x300.jpg",240,300,true],"medium_large":["https:\/\/back.mascotarea.com\/wp-content\/uploads\/2021\/02\/royal-canin-feline-hairball-care-salsa-85gr_27770-768x960.jpg",768,960,true],"large":["https:\/\/back.mascotarea.com\/wp-content\/uploads\/2021\/02\/royal-canin-feline-hairball-care-salsa-85gr_27770.jpg",800,1000,false],"1536x1536":["https:\/\/back.mascotarea.com\/wp-content\/uploads\/2021\/02\/royal-canin-feline-hairball-care-salsa-85gr_27770.jpg",800,1000,false],"2048x2048":["https:\/\/back.mascotarea.com\/wp-content\/uploads\/2021\/02\/royal-canin-feline-hairball-care-salsa-85gr_27770.jpg",800,1000,false],"woocommerce_thumbnail":["https:\/\/back.mascotarea.com\/wp-content\/uploads\/2021\/02\/royal-canin-feline-hairball-care-salsa-85gr_27770-200x200.jpg",200,200,true],"woocommerce_single":["https:\/\/back.mascotarea.com\/wp-content\/uploads\/2021\/02\/royal-canin-feline-hairball-care-salsa-85gr_27770-200x250.jpg",200,250,true],"woocommerce_gallery_thumbnail":["https:\/\/back.mascotarea.com\/wp-content\/uploads\/2021\/02\/royal-canin-feline-hairball-care-salsa-85gr_27770-100x100.jpg",100,100,true],"dgwt-wcas-product-suggestion":["https:\/\/back.mascotarea.com\/wp-content\/uploads\/2021\/02\/royal-canin-feline-hairball-care-salsa-85gr_27770-64x80.jpg",64,80,true]},"uagb_author_info":{"display_name":"Roberto","author_link":"https:\/\/back.mascotarea.com\/?author=0"},"uagb_comment_info":0,"uagb_excerpt":"Alimento completo y equilibrado para gatos adultos a partir de 1 a\u00f1o que combate la formaci\u00f3n de las bolas de pelo.","_links":{"self":[{"href":"https:\/\/back.mascotarea.com\/index.php?rest_route=\/wp\/v2\/product\/7220","targetHints":{"allow":["GET"]}}],"collection":[{"href":"https:\/\/back.mascotarea.com\/index.php?rest_route=\/wp\/v2\/product"}],"about":[{"href":"https:\/\/back.mascotarea.com\/index.php?rest_route=\/wp\/v2\/types\/product"}],"replies":[{"embeddable":true,"href":"https:\/\/back.mascotarea.com\/index.php?rest_route=%2Fwp%2Fv2%2Fcomments&post=7220"}],"wp:featuredmedia":[{"embeddable":true,"href":"https:\/\/back.mascotarea.com\/index.php?rest_route=\/wp\/v2\/media\/7219"}],"wp:attachment":[{"href":"https:\/\/back.mascotarea.com\/index.php?rest_route=%2Fwp%2Fv2%2Fmedia&parent=7220"}],"wp:term":[{"taxonomy":"product_cat","embeddable":true,"href":"https:\/\/back.mascotarea.com\/index.php?rest_route=%2Fwp%2Fv2%2Fproduct_cat&post=7220"},{"taxonomy":"product_tag","embeddable":true,"href":"https:\/\/back.mascotarea.com\/index.php?rest_route=%2Fwp%2Fv2%2Fproduct_tag&post=7220"}],"curies":[{"name":"wp","href":"https:\/\/api.w.org\/{rel}","templated":true}]}}