{"id":7674,"date":"2021-02-19T14:46:14","date_gmt":"2021-02-19T14:46:14","guid":{"rendered":"https:\/\/back.mascotarea.com\/producto\/farmina-vet-life-dog-hepatic-12-kg\/"},"modified":"2024-07-11T14:23:57","modified_gmt":"2024-07-11T14:23:57","slug":"farmina-vet-life-dog-hepatic-12-kg","status":"publish","type":"product","link":"https:\/\/back.mascotarea.com\/?product=farmina-vet-life-dog-hepatic-12-kg","title":{"rendered":"Farmina Vet Life Dog Hepatic 12 Kg"},"content":{"rendered":"<p>composici\u00f3n<\/p>\n<p><\/p>\n<p>Espelta, grasa animal, gluten de ma\u00edz, prote\u00edna hidrolizada de pescado, aceite de pescado, carbonato de calcio, semilla de lino, avena, pulpa de remolacha deshidratada, cloruro de potasio, almid\u00f3n de arroz, fructooligosac\u00e1ridos, oligosac\u00e1ridos a base de manosa extra\u00edda de levadura de cerveza, fosfato de mono-dic\u00e1lcico, levadura de cerveza desecada, cloruro de sodio, extracto de flor de Tagete (fuente de lute\u00edna). Fuente proteica: gluten de ma\u00edz, prote\u00edna hidrolizada de pescado. Fuente de carbohidratos de alta digestibilidad: almid\u00f3n de arroz.<\/p>\n","protected":false},"excerpt":{"rendered":"<p>Ayuda a la funci\u00f3n hep\u00e1tica en caso de insuficiencia cr\u00f3nica. Farmina Vet Life Hepatic es un alimento diet\u00e9tico completo destinado a perros adultos, adecuado para el soporte de la funci\u00f3n hep\u00e1tica en caso de insuficiencia hep\u00e1tica cr\u00f3nica. Este alimento tiene prote\u00ednas de alta calidad, una moderada concentraci\u00f3n de prote\u00edna, una alta concentraci\u00f3n de \u00e1cidos grasos esenciales y una alta concentraci\u00f3n de hidratos de carbono altamente digeribles.<\/p>\n","protected":false},"featured_media":7673,"comment_status":"open","ping_status":"closed","template":"","meta":{"_uag_custom_page_level_css":"","_themeisle_gutenberg_block_has_review":false},"product_cat":[211],"product_tag":[],"class_list":{"0":"post-7674","1":"product","2":"type-product","3":"status-publish","4":"has-post-thumbnail","6":"product_cat-dieta-veterinaria-para-perro","8":"first","9":"instock","10":"taxable","11":"shipping-taxable","12":"purchasable","13":"product-type-simple","14":"customify-col"},"uagb_featured_image_src":{"full":["https:\/\/back.mascotarea.com\/wp-content\/uploads\/2021\/02\/farmina-vet-life-dog-hepatic-12-kg_27546.jpg",800,1000,false],"thumbnail":["https:\/\/back.mascotarea.com\/wp-content\/uploads\/2021\/02\/farmina-vet-life-dog-hepatic-12-kg_27546-150x150.jpg",150,150,true],"medium":["https:\/\/back.mascotarea.com\/wp-content\/uploads\/2021\/02\/farmina-vet-life-dog-hepatic-12-kg_27546-240x300.jpg",240,300,true],"medium_large":["https:\/\/back.mascotarea.com\/wp-content\/uploads\/2021\/02\/farmina-vet-life-dog-hepatic-12-kg_27546-768x960.jpg",768,960,true],"large":["https:\/\/back.mascotarea.com\/wp-content\/uploads\/2021\/02\/farmina-vet-life-dog-hepatic-12-kg_27546.jpg",800,1000,false],"1536x1536":["https:\/\/back.mascotarea.com\/wp-content\/uploads\/2021\/02\/farmina-vet-life-dog-hepatic-12-kg_27546.jpg",800,1000,false],"2048x2048":["https:\/\/back.mascotarea.com\/wp-content\/uploads\/2021\/02\/farmina-vet-life-dog-hepatic-12-kg_27546.jpg",800,1000,false],"woocommerce_thumbnail":["https:\/\/back.mascotarea.com\/wp-content\/uploads\/2021\/02\/farmina-vet-life-dog-hepatic-12-kg_27546-200x200.jpg",200,200,true],"woocommerce_single":["https:\/\/back.mascotarea.com\/wp-content\/uploads\/2021\/02\/farmina-vet-life-dog-hepatic-12-kg_27546-200x250.jpg",200,250,true],"woocommerce_gallery_thumbnail":["https:\/\/back.mascotarea.com\/wp-content\/uploads\/2021\/02\/farmina-vet-life-dog-hepatic-12-kg_27546-100x100.jpg",100,100,true],"dgwt-wcas-product-suggestion":["https:\/\/back.mascotarea.com\/wp-content\/uploads\/2021\/02\/farmina-vet-life-dog-hepatic-12-kg_27546-64x80.jpg",64,80,true]},"uagb_author_info":{"display_name":"Roberto","author_link":"https:\/\/back.mascotarea.com\/?author=0"},"uagb_comment_info":0,"uagb_excerpt":"Ayuda a la funci\u00f3n hep\u00e1tica en caso de insuficiencia cr\u00f3nica. Farmina Vet Life Hepatic es un alimento diet\u00e9tico completo destinado a perros adultos, adecuado para el soporte de la funci\u00f3n hep\u00e1tica en caso de insuficiencia hep\u00e1tica cr\u00f3nica. Este alimento tiene prote\u00ednas de alta calidad, una moderada concentraci\u00f3n de prote\u00edna, una alta concentraci\u00f3n de \u00e1cidos grasos&hellip;","_links":{"self":[{"href":"https:\/\/back.mascotarea.com\/index.php?rest_route=\/wp\/v2\/product\/7674","targetHints":{"allow":["GET"]}}],"collection":[{"href":"https:\/\/back.mascotarea.com\/index.php?rest_route=\/wp\/v2\/product"}],"about":[{"href":"https:\/\/back.mascotarea.com\/index.php?rest_route=\/wp\/v2\/types\/product"}],"replies":[{"embeddable":true,"href":"https:\/\/back.mascotarea.com\/index.php?rest_route=%2Fwp%2Fv2%2Fcomments&post=7674"}],"wp:featuredmedia":[{"embeddable":true,"href":"https:\/\/back.mascotarea.com\/index.php?rest_route=\/wp\/v2\/media\/7673"}],"wp:attachment":[{"href":"https:\/\/back.mascotarea.com\/index.php?rest_route=%2Fwp%2Fv2%2Fmedia&parent=7674"}],"wp:term":[{"taxonomy":"product_cat","embeddable":true,"href":"https:\/\/back.mascotarea.com\/index.php?rest_route=%2Fwp%2Fv2%2Fproduct_cat&post=7674"},{"taxonomy":"product_tag","embeddable":true,"href":"https:\/\/back.mascotarea.com\/index.php?rest_route=%2Fwp%2Fv2%2Fproduct_tag&post=7674"}],"curies":[{"name":"wp","href":"https:\/\/api.w.org\/{rel}","templated":true}]}}