{"id":8100,"date":"2021-03-03T17:49:10","date_gmt":"2021-03-03T17:49:10","guid":{"rendered":"https:\/\/back.mascotarea.com\/producto\/hills-canine-u-d-12kg\/"},"modified":"2023-08-23T09:12:44","modified_gmt":"2023-08-23T09:12:44","slug":"hills-canine-u-d-12kg","status":"publish","type":"product","link":"https:\/\/back.mascotarea.com\/?product=hills-canine-u-d-12kg","title":{"rendered":"Hills  Canine U\/D 12kg"},"content":{"rendered":"<p>C\u00f3mo ayuda:<\/p>\n<p><\/p>\n<p>Prescription Diet\u2122 Canine u\/d\u2122 fue desarrollado para ayudar en el cuidado de perros con problemas asociados a la urolitiasis.<\/p>\n<p><\/p>\n<p>Beneficios Clave<\/p>\n<p><\/p>\n<p>    Ayuda a reducir la formaci\u00f3n de piedras de oxalato, urato y cistina.<\/p>\n<p>    Contiene cantidades reducidas de prote\u00ednas de elevada calidad para reducir la formaci\u00f3n de piedras que producen dolor en pacientes con un fallo renal.<\/p>\n<p>    Cantidad de sal reducida para ayudar a evitar la retenci\u00f3n de l\u00edquidos y estad\u00edos tempranos de problemas cardiacos.<\/p>\n<p><\/p>\n<p><\/p>\n<p>COMPOSICI\u00d3N: Cereales, subproductos de origen vegetal, aceites y grasas, huevos y ovoproductos, sustancias minerales, carnes y subproductos animales, semillas.Sustancias alcalinizantes de la orina: citrato pot\u00e1sico, carbonato c\u00e1lcico.Fuente de prote\u00ednas: Huevo completo desecado.<\/p>\n<p><\/p>\n<p>COMPONENTES ANAL\u00cdTICOS: Prote\u00edna 10,0%, Contenido en grasa 19,1%, Fibra bruta 2,4%, Amino\u00e1cidos sulf\u00faricos totales 0,52%, \u00c1cidos grasos esenciales 3,6%, Ceniza bruta 3,3%, Calcio 0,42%, F\u00f3sforo 0,17%, Sodio 0,22%, Potasio 0,57%, Magnesio 0,05%, Cloruros 0,52%, Azufre 0,18%, Hidroxiprolina 0,004%; por kg: Vitamina A 9.500UI, Vitamina E 575mg, Beta-caroteno 1,5mg, Taurina 981mg, Vitamina D total 775mg, L-carnitina 347mg, Cobre total 3,5mg.<\/p>\n<p><\/p>\n<p>ADITIVOS POR KG: Aditivos nutricionales: 3b103 (Hierro) 115mg, 3b202 (Yodo) 2,0mg, 3b405 (Cobre) 2,7mg, 3b502 (Manganeso) 18,4mg, 3b603 (Zinc) 194mg, 3b801 (Selenio) 0,3mg; con antioxidante natural.<\/p>\n<p><\/p>\n","protected":false},"excerpt":{"rendered":"<p>Previene y ayuda a reducir la formaci\u00f3n de c\u00e1lculos de urato, oxalato y cistina en perros.<\/p>\n","protected":false},"featured_media":8099,"comment_status":"open","ping_status":"closed","template":"","meta":{"_uag_custom_page_level_css":"","_themeisle_gutenberg_block_has_review":false},"product_cat":[211],"product_tag":[],"class_list":{"0":"post-8100","1":"product","2":"type-product","3":"status-publish","4":"has-post-thumbnail","6":"product_cat-dieta-veterinaria-para-perro","8":"first","9":"outofstock","10":"taxable","11":"shipping-taxable","12":"purchasable","13":"product-type-simple","14":"customify-col"},"uagb_featured_image_src":{"full":["https:\/\/back.mascotarea.com\/wp-content\/uploads\/2021\/03\/hills-canine-u-d-12kg_30119.jpg",800,1000,false],"thumbnail":["https:\/\/back.mascotarea.com\/wp-content\/uploads\/2021\/03\/hills-canine-u-d-12kg_30119-150x150.jpg",150,150,true],"medium":["https:\/\/back.mascotarea.com\/wp-content\/uploads\/2021\/03\/hills-canine-u-d-12kg_30119-240x300.jpg",240,300,true],"medium_large":["https:\/\/back.mascotarea.com\/wp-content\/uploads\/2021\/03\/hills-canine-u-d-12kg_30119-768x960.jpg",768,960,true],"large":["https:\/\/back.mascotarea.com\/wp-content\/uploads\/2021\/03\/hills-canine-u-d-12kg_30119.jpg",800,1000,false],"1536x1536":["https:\/\/back.mascotarea.com\/wp-content\/uploads\/2021\/03\/hills-canine-u-d-12kg_30119.jpg",800,1000,false],"2048x2048":["https:\/\/back.mascotarea.com\/wp-content\/uploads\/2021\/03\/hills-canine-u-d-12kg_30119.jpg",800,1000,false],"woocommerce_thumbnail":["https:\/\/back.mascotarea.com\/wp-content\/uploads\/2021\/03\/hills-canine-u-d-12kg_30119-200x200.jpg",200,200,true],"woocommerce_single":["https:\/\/back.mascotarea.com\/wp-content\/uploads\/2021\/03\/hills-canine-u-d-12kg_30119-200x250.jpg",200,250,true],"woocommerce_gallery_thumbnail":["https:\/\/back.mascotarea.com\/wp-content\/uploads\/2021\/03\/hills-canine-u-d-12kg_30119-100x100.jpg",100,100,true],"dgwt-wcas-product-suggestion":["https:\/\/back.mascotarea.com\/wp-content\/uploads\/2021\/03\/hills-canine-u-d-12kg_30119-64x80.jpg",64,80,true]},"uagb_author_info":{"display_name":"Roberto","author_link":"https:\/\/back.mascotarea.com\/?author=0"},"uagb_comment_info":0,"uagb_excerpt":"Previene y ayuda a reducir la formaci\u00f3n de c\u00e1lculos de urato, oxalato y cistina en perros.","_links":{"self":[{"href":"https:\/\/back.mascotarea.com\/index.php?rest_route=\/wp\/v2\/product\/8100","targetHints":{"allow":["GET"]}}],"collection":[{"href":"https:\/\/back.mascotarea.com\/index.php?rest_route=\/wp\/v2\/product"}],"about":[{"href":"https:\/\/back.mascotarea.com\/index.php?rest_route=\/wp\/v2\/types\/product"}],"replies":[{"embeddable":true,"href":"https:\/\/back.mascotarea.com\/index.php?rest_route=%2Fwp%2Fv2%2Fcomments&post=8100"}],"wp:featuredmedia":[{"embeddable":true,"href":"https:\/\/back.mascotarea.com\/index.php?rest_route=\/wp\/v2\/media\/8099"}],"wp:attachment":[{"href":"https:\/\/back.mascotarea.com\/index.php?rest_route=%2Fwp%2Fv2%2Fmedia&parent=8100"}],"wp:term":[{"taxonomy":"product_cat","embeddable":true,"href":"https:\/\/back.mascotarea.com\/index.php?rest_route=%2Fwp%2Fv2%2Fproduct_cat&post=8100"},{"taxonomy":"product_tag","embeddable":true,"href":"https:\/\/back.mascotarea.com\/index.php?rest_route=%2Fwp%2Fv2%2Fproduct_tag&post=8100"}],"curies":[{"name":"wp","href":"https:\/\/api.w.org\/{rel}","templated":true}]}}