{"id":8102,"date":"2021-03-03T17:49:12","date_gmt":"2021-03-03T17:49:12","guid":{"rendered":"https:\/\/back.mascotarea.com\/producto\/hills-canine-u-d-lata-370g\/"},"modified":"2023-06-14T09:07:42","modified_gmt":"2023-06-14T09:07:42","slug":"hills-canine-u-d-lata-370g","status":"publish","type":"product","link":"https:\/\/back.mascotarea.com\/?product=hills-canine-u-d-lata-370g","title":{"rendered":"Hills  Canine U\/D (Lata) 370g"},"content":{"rendered":"<p>C\u00f3mo ayuda:<\/p>\n<p><\/p>\n<p>Prescription Diet\u2122 Canine u\/d\u2122 fue desarrollado para ayudar en el cuidado de perros con enfermedades renales avanzadas. La enfermedad renal produce una menor eficiencia de la funci\u00f3n de los ri\u00f1ones a la hora de eliminar sustancias del flujo sangu\u00edneo y regular los fluidos corporales.<\/p>\n<p><\/p>\n<p>    Disoluci\u00f3n de urolitos de urato y cistina.<\/p>\n<p>    Reducci\u00f3n de la formaci\u00f3n de urolitos de urato, oxalato y cistina.<\/p>\n<p>    Enfermedad renal cr\u00f3nica (fase IRIS 4).<\/p>\n<p>    Enfermedad hep\u00e1tica por almacenamiento de cobre.<\/p>\n<p><\/p>\n<p><\/p>\n<p>COMPOSICI\u00d3N: cereales, huevos y derivados del huevo, aceites y grasas, carne y derivados animales, varios az\u00facares, derivados de origen vegetal, minerales, semillas. Fuentes de prote\u00edna: huevo seco, h\u00edgado de cerdo. Sustancias alcalinizantes de la orina: citrato pot\u00e1sico, fosfato monos\u00f3dico, carbonato c\u00e1lcico..<\/p>\n<p><\/p>\n<p>COMPONENTES ANAL\u00cdTICOS: prote\u00edna 3.9%, contenido en grasa 7.7%, \u00e1cidos grasos esenciales 1.6%, amino \u00e1cidos de sulfuro totales 0.19%, fibra bruta 0.66%, ceniza bruta 1.0%, humedad 70.6%, calcio 0.15%, f\u00f3sforo 0.09%, sodio 0.08%, potasio 0.16%, magnesio 0.04%, cloruros 0.12%, sulfuro 0.07%, hidroxiprolina 0.004%; por kg: vitamina A 6,554IU, vitamina D total 229IU, cobre total 1.4mg.<\/p>\n<p><\/p>\n<p>ADITIVOS POR KG: aditivos nutricionales: 3b103 (Hierro) 23.6mg, 3b202 (Yodo) 0.5mg, E4 (Cobre) 0.6mg, 3b503 (Manganeso) 34.3mg, 3b603 (Zinc) 58.6mg.<\/p>\n<p><\/p>\n","protected":false},"excerpt":{"rendered":"<p>Para ayudar en el cuidado de perros con problemas asociados a la urolitiasis.<\/p>\n","protected":false},"featured_media":8101,"comment_status":"open","ping_status":"closed","template":"","meta":{"_uag_custom_page_level_css":"","_themeisle_gutenberg_block_has_review":false},"product_cat":[211],"product_tag":[],"class_list":{"0":"post-8102","1":"product","2":"type-product","3":"status-publish","4":"has-post-thumbnail","6":"product_cat-dieta-veterinaria-para-perro","8":"first","9":"outofstock","10":"taxable","11":"shipping-taxable","12":"purchasable","13":"product-type-simple","14":"customify-col"},"uagb_featured_image_src":{"full":["https:\/\/back.mascotarea.com\/wp-content\/uploads\/2021\/03\/hills-canine-u-d-lata-370g_30183.jpg",800,1000,false],"thumbnail":["https:\/\/back.mascotarea.com\/wp-content\/uploads\/2021\/03\/hills-canine-u-d-lata-370g_30183-150x150.jpg",150,150,true],"medium":["https:\/\/back.mascotarea.com\/wp-content\/uploads\/2021\/03\/hills-canine-u-d-lata-370g_30183-240x300.jpg",240,300,true],"medium_large":["https:\/\/back.mascotarea.com\/wp-content\/uploads\/2021\/03\/hills-canine-u-d-lata-370g_30183-768x960.jpg",768,960,true],"large":["https:\/\/back.mascotarea.com\/wp-content\/uploads\/2021\/03\/hills-canine-u-d-lata-370g_30183.jpg",800,1000,false],"1536x1536":["https:\/\/back.mascotarea.com\/wp-content\/uploads\/2021\/03\/hills-canine-u-d-lata-370g_30183.jpg",800,1000,false],"2048x2048":["https:\/\/back.mascotarea.com\/wp-content\/uploads\/2021\/03\/hills-canine-u-d-lata-370g_30183.jpg",800,1000,false],"woocommerce_thumbnail":["https:\/\/back.mascotarea.com\/wp-content\/uploads\/2021\/03\/hills-canine-u-d-lata-370g_30183-200x200.jpg",200,200,true],"woocommerce_single":["https:\/\/back.mascotarea.com\/wp-content\/uploads\/2021\/03\/hills-canine-u-d-lata-370g_30183-200x250.jpg",200,250,true],"woocommerce_gallery_thumbnail":["https:\/\/back.mascotarea.com\/wp-content\/uploads\/2021\/03\/hills-canine-u-d-lata-370g_30183-100x100.jpg",100,100,true],"dgwt-wcas-product-suggestion":["https:\/\/back.mascotarea.com\/wp-content\/uploads\/2021\/03\/hills-canine-u-d-lata-370g_30183-64x80.jpg",64,80,true]},"uagb_author_info":{"display_name":"Roberto","author_link":"https:\/\/back.mascotarea.com\/?author=0"},"uagb_comment_info":0,"uagb_excerpt":"Para ayudar en el cuidado de perros con problemas asociados a la urolitiasis.","_links":{"self":[{"href":"https:\/\/back.mascotarea.com\/index.php?rest_route=\/wp\/v2\/product\/8102","targetHints":{"allow":["GET"]}}],"collection":[{"href":"https:\/\/back.mascotarea.com\/index.php?rest_route=\/wp\/v2\/product"}],"about":[{"href":"https:\/\/back.mascotarea.com\/index.php?rest_route=\/wp\/v2\/types\/product"}],"replies":[{"embeddable":true,"href":"https:\/\/back.mascotarea.com\/index.php?rest_route=%2Fwp%2Fv2%2Fcomments&post=8102"}],"wp:featuredmedia":[{"embeddable":true,"href":"https:\/\/back.mascotarea.com\/index.php?rest_route=\/wp\/v2\/media\/8101"}],"wp:attachment":[{"href":"https:\/\/back.mascotarea.com\/index.php?rest_route=%2Fwp%2Fv2%2Fmedia&parent=8102"}],"wp:term":[{"taxonomy":"product_cat","embeddable":true,"href":"https:\/\/back.mascotarea.com\/index.php?rest_route=%2Fwp%2Fv2%2Fproduct_cat&post=8102"},{"taxonomy":"product_tag","embeddable":true,"href":"https:\/\/back.mascotarea.com\/index.php?rest_route=%2Fwp%2Fv2%2Fproduct_tag&post=8102"}],"curies":[{"name":"wp","href":"https:\/\/api.w.org\/{rel}","templated":true}]}}