{"id":8104,"date":"2021-03-03T17:49:13","date_gmt":"2021-03-03T17:49:13","guid":{"rendered":"https:\/\/back.mascotarea.com\/producto\/hills-canine-s-d-lata-370g\/"},"modified":"2023-06-14T09:07:42","modified_gmt":"2023-06-14T09:07:42","slug":"hills-canine-s-d-lata-370g","status":"publish","type":"product","link":"https:\/\/back.mascotarea.com\/?product=hills-canine-s-d-lata-370g","title":{"rendered":"Hills  Canine S\/D (Lata) 370g"},"content":{"rendered":"<p>C\u00f3mo ayuda:<\/p>\n<p><\/p>\n<p>Elaborado para realizar un control nutricional de los perros con problemas en el tracto urinario. Las enfermedades del tracto urinario en los perros est\u00e1n producidos habitualmente por la formaci\u00f3n de cristales de minerales y piedras en el tracto urinario produciendo dolor, orina con sangre y, en definitiva, reducci\u00f3n de la calidad de vida de los perros. En los perros, los cristales de estruvita generalmente provocan enfermedades del tracto urinario. Prescription Diet\u2122 s\/d\u2122 Ha sido formulado por veterinarios para ayudar a la disoluci\u00f3n de cristales y piedras de estruvita en los perros. La estruvita se forma como resultado de una orina saturada de prote\u00edna, calcio, f\u00f3sforo y magnesio junto con un pH inapropiado de la orina.<\/p>\n<p><\/p>\n<p><\/p>\n<p>COMPOSICI\u00d3N: Cereales, aceites y grasas, carnes y subproductos animales, az\u00facares, huevos y ovoproductos, sustancias minerales, subproductos de origen vegetal.Sustancias acidificante de la orina: DL-metionina, cloruro de colina.Fuentes de prote\u00ednas: H\u00edgado de cerdo, huevo desecado.<\/p>\n<p><\/p>\n<p>COMPONENTES ANAL\u00cdTICOS: Prote\u00edna 2,1%, Contenido en grasa 7,4%, Fibra bruta 0,66%, Ceniza bruta 1,3%, Humedad 71,9%, Calcio 0,09%, F\u00f3sforo 0,03%, Sodio 0,34%, Potasio 0,12%, Magnesio 0,004%, Cloruros 0,62%, Azufre 0,06%; por kg: Vitamina A 6.689UI, Vitamina D3 525UI.<\/p>\n<p><\/p>\n<p>ADITIVOS POR KG: Aditivos nutricionales: 3b103 (Hierro) 40,3mg, 3b202 (Yodo) 1,5mg, 3b405 (Cobre) 6,0mg, 3b503 (Manganeso) 4,4mg, 3b603 (Zinc) 51,2mg.<\/p>\n<p><\/p>\n","protected":false},"excerpt":{"rendered":"<p>Ayuda a disolver los c\u00e1lculos de estruvita en perros.<\/p>\n","protected":false},"featured_media":8103,"comment_status":"open","ping_status":"closed","template":"","meta":{"_uag_custom_page_level_css":"","_themeisle_gutenberg_block_has_review":false},"product_cat":[211],"product_tag":[],"class_list":{"0":"post-8104","1":"product","2":"type-product","3":"status-publish","4":"has-post-thumbnail","6":"product_cat-dieta-veterinaria-para-perro","8":"first","9":"outofstock","10":"taxable","11":"shipping-taxable","12":"purchasable","13":"product-type-simple","14":"customify-col"},"uagb_featured_image_src":{"full":["https:\/\/back.mascotarea.com\/wp-content\/uploads\/2021\/03\/hills-canine-s-d-lata-370g_9509.jpg",800,1000,false],"thumbnail":["https:\/\/back.mascotarea.com\/wp-content\/uploads\/2021\/03\/hills-canine-s-d-lata-370g_9509-150x150.jpg",150,150,true],"medium":["https:\/\/back.mascotarea.com\/wp-content\/uploads\/2021\/03\/hills-canine-s-d-lata-370g_9509-240x300.jpg",240,300,true],"medium_large":["https:\/\/back.mascotarea.com\/wp-content\/uploads\/2021\/03\/hills-canine-s-d-lata-370g_9509-768x960.jpg",768,960,true],"large":["https:\/\/back.mascotarea.com\/wp-content\/uploads\/2021\/03\/hills-canine-s-d-lata-370g_9509.jpg",800,1000,false],"1536x1536":["https:\/\/back.mascotarea.com\/wp-content\/uploads\/2021\/03\/hills-canine-s-d-lata-370g_9509.jpg",800,1000,false],"2048x2048":["https:\/\/back.mascotarea.com\/wp-content\/uploads\/2021\/03\/hills-canine-s-d-lata-370g_9509.jpg",800,1000,false],"woocommerce_thumbnail":["https:\/\/back.mascotarea.com\/wp-content\/uploads\/2021\/03\/hills-canine-s-d-lata-370g_9509-200x200.jpg",200,200,true],"woocommerce_single":["https:\/\/back.mascotarea.com\/wp-content\/uploads\/2021\/03\/hills-canine-s-d-lata-370g_9509-200x250.jpg",200,250,true],"woocommerce_gallery_thumbnail":["https:\/\/back.mascotarea.com\/wp-content\/uploads\/2021\/03\/hills-canine-s-d-lata-370g_9509-100x100.jpg",100,100,true],"dgwt-wcas-product-suggestion":["https:\/\/back.mascotarea.com\/wp-content\/uploads\/2021\/03\/hills-canine-s-d-lata-370g_9509-64x80.jpg",64,80,true]},"uagb_author_info":{"display_name":"Roberto","author_link":"https:\/\/back.mascotarea.com\/?author=0"},"uagb_comment_info":0,"uagb_excerpt":"Ayuda a disolver los c\u00e1lculos de estruvita en perros.","_links":{"self":[{"href":"https:\/\/back.mascotarea.com\/index.php?rest_route=\/wp\/v2\/product\/8104","targetHints":{"allow":["GET"]}}],"collection":[{"href":"https:\/\/back.mascotarea.com\/index.php?rest_route=\/wp\/v2\/product"}],"about":[{"href":"https:\/\/back.mascotarea.com\/index.php?rest_route=\/wp\/v2\/types\/product"}],"replies":[{"embeddable":true,"href":"https:\/\/back.mascotarea.com\/index.php?rest_route=%2Fwp%2Fv2%2Fcomments&post=8104"}],"wp:featuredmedia":[{"embeddable":true,"href":"https:\/\/back.mascotarea.com\/index.php?rest_route=\/wp\/v2\/media\/8103"}],"wp:attachment":[{"href":"https:\/\/back.mascotarea.com\/index.php?rest_route=%2Fwp%2Fv2%2Fmedia&parent=8104"}],"wp:term":[{"taxonomy":"product_cat","embeddable":true,"href":"https:\/\/back.mascotarea.com\/index.php?rest_route=%2Fwp%2Fv2%2Fproduct_cat&post=8104"},{"taxonomy":"product_tag","embeddable":true,"href":"https:\/\/back.mascotarea.com\/index.php?rest_route=%2Fwp%2Fv2%2Fproduct_tag&post=8104"}],"curies":[{"name":"wp","href":"https:\/\/api.w.org\/{rel}","templated":true}]}}