{"id":8110,"date":"2021-03-03T17:49:18","date_gmt":"2021-03-03T17:49:18","guid":{"rendered":"https:\/\/back.mascotarea.com\/producto\/hills-feline-adult-optimal-care-pollo-10kg\/"},"modified":"2023-06-04T06:10:10","modified_gmt":"2023-06-04T06:10:10","slug":"hills-feline-adult-optimal-care-pollo-10kg","status":"publish","type":"product","link":"https:\/\/back.mascotarea.com\/?product=hills-feline-adult-optimal-care-pollo-10kg","title":{"rendered":"Hills  Feline Adult Optimal Care Pollo 10kg"},"content":{"rendered":"<p><\/p>\n<p>    Con taurina, esencial para la salud cardiaca, y minerales equilibrados para favorecer los ri\u00f1ones y la vejiga.<\/p>\n<p>    Prote\u00edna de alta calidad para el mantenimiento de la masa muscular.<\/p>\n<p>    Vitamina E y omega-3 y 6 para una piel sana y un pelo brillante.<\/p>\n<p><\/p>\n<p><\/p>\n<p>COMPOSICI\u00d3N: Harina de pollo y pavo, trigo, ma\u00edz, grasa animal, harina de gluten de ma\u00edz, arroz cervecero, solubles de carne, sustancias minerales, pulpa de remolacha, aceite de pescado.<\/p>\n<p><\/p>\n<p>COMPONENTES ANAL\u00cdTICOS: Prote\u00edna 32,3%, Contenido en grasa 20,5%, Fibra bruta 1,4%, Ceniza bruta 5,3%, \u00c1cidos grasos omega-3 0,5%, \u00c1cidos grasos omega-6 3,2%, Calcio 0,76%, F\u00f3sforo 0,74%, Sodio 0,30%, Potasio 0,81%, Magnesio 0,08%; por kg: Vitamina A 6.208UI, Vitamina D3 587UI, Vitamina E 600mg, Vitamina C 100mg, Beta-caroteno 1,5mg, Taurina 2.000mg.<\/p>\n<p><\/p>\n<p>ADITIVOS POR KG: Aditivos nutricionales: 3b103 (Hierro) 91,1mg, 3b202 (Yodo) 4,0mg, 3b405 (Cobre) 9,0mg, 3b502 (Manganeso) 9,4mg, 3b603 (Zinc) 141mg; con antioxidante natural.<\/p>\n<p><\/p>\n","protected":false},"excerpt":{"rendered":"<p>Alimento para gatos adultos est\u00e1 especialmente formulado para proporcionar la cantidad de energ\u00eda adecuada para favorecer el peso ideal en gatos adultos de 1 a 6 a\u00f1os de edad. Elaborado con ingredientes de alta calidad f\u00e1ciles de digerir.<\/p>\n","protected":false},"featured_media":8109,"comment_status":"open","ping_status":"closed","template":"","meta":{"_uag_custom_page_level_css":"","_themeisle_gutenberg_block_has_review":false},"product_cat":[187],"product_tag":[],"class_list":{"0":"post-8110","1":"product","2":"type-product","3":"status-publish","4":"has-post-thumbnail","6":"product_cat-pienso-seco-para-gato","8":"first","9":"outofstock","10":"taxable","11":"shipping-taxable","12":"purchasable","13":"product-type-simple","14":"customify-col"},"uagb_featured_image_src":{"full":["https:\/\/back.mascotarea.com\/wp-content\/uploads\/2021\/03\/hills-feline-adult-optimal-care-pollo-10kg_841.jpg",800,1000,false],"thumbnail":["https:\/\/back.mascotarea.com\/wp-content\/uploads\/2021\/03\/hills-feline-adult-optimal-care-pollo-10kg_841-150x150.jpg",150,150,true],"medium":["https:\/\/back.mascotarea.com\/wp-content\/uploads\/2021\/03\/hills-feline-adult-optimal-care-pollo-10kg_841-240x300.jpg",240,300,true],"medium_large":["https:\/\/back.mascotarea.com\/wp-content\/uploads\/2021\/03\/hills-feline-adult-optimal-care-pollo-10kg_841-768x960.jpg",768,960,true],"large":["https:\/\/back.mascotarea.com\/wp-content\/uploads\/2021\/03\/hills-feline-adult-optimal-care-pollo-10kg_841.jpg",800,1000,false],"1536x1536":["https:\/\/back.mascotarea.com\/wp-content\/uploads\/2021\/03\/hills-feline-adult-optimal-care-pollo-10kg_841.jpg",800,1000,false],"2048x2048":["https:\/\/back.mascotarea.com\/wp-content\/uploads\/2021\/03\/hills-feline-adult-optimal-care-pollo-10kg_841.jpg",800,1000,false],"woocommerce_thumbnail":["https:\/\/back.mascotarea.com\/wp-content\/uploads\/2021\/03\/hills-feline-adult-optimal-care-pollo-10kg_841-200x200.jpg",200,200,true],"woocommerce_single":["https:\/\/back.mascotarea.com\/wp-content\/uploads\/2021\/03\/hills-feline-adult-optimal-care-pollo-10kg_841-200x250.jpg",200,250,true],"woocommerce_gallery_thumbnail":["https:\/\/back.mascotarea.com\/wp-content\/uploads\/2021\/03\/hills-feline-adult-optimal-care-pollo-10kg_841-100x100.jpg",100,100,true],"dgwt-wcas-product-suggestion":["https:\/\/back.mascotarea.com\/wp-content\/uploads\/2021\/03\/hills-feline-adult-optimal-care-pollo-10kg_841-64x80.jpg",64,80,true]},"uagb_author_info":{"display_name":"Roberto","author_link":"https:\/\/back.mascotarea.com\/?author=0"},"uagb_comment_info":0,"uagb_excerpt":"Alimento para gatos adultos est\u00e1 especialmente formulado para proporcionar la cantidad de energ\u00eda adecuada para favorecer el peso ideal en gatos adultos de 1 a 6 a\u00f1os de edad. Elaborado con ingredientes de alta calidad f\u00e1ciles de digerir.","_links":{"self":[{"href":"https:\/\/back.mascotarea.com\/index.php?rest_route=\/wp\/v2\/product\/8110","targetHints":{"allow":["GET"]}}],"collection":[{"href":"https:\/\/back.mascotarea.com\/index.php?rest_route=\/wp\/v2\/product"}],"about":[{"href":"https:\/\/back.mascotarea.com\/index.php?rest_route=\/wp\/v2\/types\/product"}],"replies":[{"embeddable":true,"href":"https:\/\/back.mascotarea.com\/index.php?rest_route=%2Fwp%2Fv2%2Fcomments&post=8110"}],"wp:featuredmedia":[{"embeddable":true,"href":"https:\/\/back.mascotarea.com\/index.php?rest_route=\/wp\/v2\/media\/8109"}],"wp:attachment":[{"href":"https:\/\/back.mascotarea.com\/index.php?rest_route=%2Fwp%2Fv2%2Fmedia&parent=8110"}],"wp:term":[{"taxonomy":"product_cat","embeddable":true,"href":"https:\/\/back.mascotarea.com\/index.php?rest_route=%2Fwp%2Fv2%2Fproduct_cat&post=8110"},{"taxonomy":"product_tag","embeddable":true,"href":"https:\/\/back.mascotarea.com\/index.php?rest_route=%2Fwp%2Fv2%2Fproduct_tag&post=8110"}],"curies":[{"name":"wp","href":"https:\/\/api.w.org\/{rel}","templated":true}]}}