{"id":8126,"date":"2021-03-03T17:49:32","date_gmt":"2021-03-03T17:49:32","guid":{"rendered":"https:\/\/back.mascotarea.com\/producto\/hills-canine-feline-a-d-lata-156g-24ex\/"},"modified":"2024-06-25T14:26:32","modified_gmt":"2024-06-25T14:26:32","slug":"hills-canine-feline-a-d-lata-156g-24ex","status":"publish","type":"product","link":"https:\/\/back.mascotarea.com\/?product=hills-canine-feline-a-d-lata-156g-24ex","title":{"rendered":"Hills  Canine\/Feline A\/D (Lata) 156g"},"content":{"rendered":"<p>C\u00f3mo ayuda:<\/p>\n<p><\/p>\n<p>Para el control nutricional de las mascotas que se est\u00e1n recuperando de alguna enfermedad grave, accidentes u operaci\u00f3n quir\u00fargica.<\/p>\n<p><\/p>\n<p>Beneficios Clave<\/p>\n<p><\/p>\n<p>    Cantidad elevada de prote\u00ednas especiales para una pronta recuperaci\u00f3n de las heridas y del sistema inmunitario.<\/p>\n<p>    Ingredientes de f\u00e1cil digestibilidad y calor\u00edas extra para mascotas en periodo de recuperaci\u00f3n de una operaci\u00f3n quir\u00fargica o alg\u00fan problema serio de salud.<\/p>\n<p>    Gran sabor con una textura suave que facilita que alimente a su mascota con una jeringuilla o incluso con su mano.<\/p>\n<p><\/p>\n<p><\/p>\n<p>COMPOSICI\u00d3N: Carnes y subproductos animales, cereales, aceites y grasas, sustancias minerales, az\u00facares, huevos y ovoproductos.Ingredientes muy digestibles: H\u00edgado de pavo, h\u00edgado de cerdo, pollo, ma\u00edz, aceite de pescado.<\/p>\n<p><\/p>\n<p>COMPONENTES ANAL\u00cdTICOS: Prote\u00edna 10,6%, Contenido en grasa 7,9%, Fibra bruta 0,02%, Ceniza bruta 2,4%, Humedad 76,0%, \u00c1cidos grasos omega-3 0,6%, \u00c1cidos grasos omega-6 1,6%, Calcio 0,30%, F\u00f3sforo 0,28%, Sodio 0,21%, Potasio 0,28%, Magnesio 0,03%; por kg: Vitamina A 47.277UI, Vitamina D3 369UI.<\/p>\n<p><\/p>\n<p>ADITIVOS POR KG: Aditivos nutricionales: 3b103 (Hierro) 27,5mg, 3b202 (Yodo) 1,0mg, 3b405 (Cobre) 4,1mg, 3b503 (Manganeso) 3,0mg, 3b603 (Zinc) 35,0mg.Energ\u00eda metabolizable (calculada): 4,8MJ\/kg.<\/p>\n<p><\/p>\n","protected":false},"excerpt":{"rendered":"<p>Para el control nutricional de las mascotas que se est\u00e1n recuperando de alguna enfermedad grave, accidentes u operaci\u00f3n quir\u00fargica.<\/p>\n","protected":false},"featured_media":8125,"comment_status":"open","ping_status":"closed","template":"","meta":{"_uag_custom_page_level_css":"","_themeisle_gutenberg_block_has_review":false},"product_cat":[195,211],"product_tag":[],"class_list":{"0":"post-8126","1":"product","2":"type-product","3":"status-publish","4":"has-post-thumbnail","6":"product_cat-alimentacion-humeda-veterinaria-para-gato","7":"product_cat-dieta-veterinaria-para-perro","9":"first","10":"outofstock","11":"taxable","12":"shipping-taxable","13":"purchasable","14":"product-type-simple","15":"customify-col"},"uagb_featured_image_src":{"full":["https:\/\/back.mascotarea.com\/wp-content\/uploads\/2021\/03\/hills-canine-feline-a-d-lata-156g-24ex_25277.jpg",800,1000,false],"thumbnail":["https:\/\/back.mascotarea.com\/wp-content\/uploads\/2021\/03\/hills-canine-feline-a-d-lata-156g-24ex_25277-150x150.jpg",150,150,true],"medium":["https:\/\/back.mascotarea.com\/wp-content\/uploads\/2021\/03\/hills-canine-feline-a-d-lata-156g-24ex_25277-240x300.jpg",240,300,true],"medium_large":["https:\/\/back.mascotarea.com\/wp-content\/uploads\/2021\/03\/hills-canine-feline-a-d-lata-156g-24ex_25277-768x960.jpg",768,960,true],"large":["https:\/\/back.mascotarea.com\/wp-content\/uploads\/2021\/03\/hills-canine-feline-a-d-lata-156g-24ex_25277.jpg",800,1000,false],"1536x1536":["https:\/\/back.mascotarea.com\/wp-content\/uploads\/2021\/03\/hills-canine-feline-a-d-lata-156g-24ex_25277.jpg",800,1000,false],"2048x2048":["https:\/\/back.mascotarea.com\/wp-content\/uploads\/2021\/03\/hills-canine-feline-a-d-lata-156g-24ex_25277.jpg",800,1000,false],"woocommerce_thumbnail":["https:\/\/back.mascotarea.com\/wp-content\/uploads\/2021\/03\/hills-canine-feline-a-d-lata-156g-24ex_25277-200x200.jpg",200,200,true],"woocommerce_single":["https:\/\/back.mascotarea.com\/wp-content\/uploads\/2021\/03\/hills-canine-feline-a-d-lata-156g-24ex_25277-200x250.jpg",200,250,true],"woocommerce_gallery_thumbnail":["https:\/\/back.mascotarea.com\/wp-content\/uploads\/2021\/03\/hills-canine-feline-a-d-lata-156g-24ex_25277-100x100.jpg",100,100,true],"dgwt-wcas-product-suggestion":["https:\/\/back.mascotarea.com\/wp-content\/uploads\/2021\/03\/hills-canine-feline-a-d-lata-156g-24ex_25277-64x80.jpg",64,80,true]},"uagb_author_info":{"display_name":"Roberto","author_link":"https:\/\/back.mascotarea.com\/?author=0"},"uagb_comment_info":0,"uagb_excerpt":"Para el control nutricional de las mascotas que se est\u00e1n recuperando de alguna enfermedad grave, accidentes u operaci\u00f3n quir\u00fargica.","_links":{"self":[{"href":"https:\/\/back.mascotarea.com\/index.php?rest_route=\/wp\/v2\/product\/8126","targetHints":{"allow":["GET"]}}],"collection":[{"href":"https:\/\/back.mascotarea.com\/index.php?rest_route=\/wp\/v2\/product"}],"about":[{"href":"https:\/\/back.mascotarea.com\/index.php?rest_route=\/wp\/v2\/types\/product"}],"replies":[{"embeddable":true,"href":"https:\/\/back.mascotarea.com\/index.php?rest_route=%2Fwp%2Fv2%2Fcomments&post=8126"}],"wp:featuredmedia":[{"embeddable":true,"href":"https:\/\/back.mascotarea.com\/index.php?rest_route=\/wp\/v2\/media\/8125"}],"wp:attachment":[{"href":"https:\/\/back.mascotarea.com\/index.php?rest_route=%2Fwp%2Fv2%2Fmedia&parent=8126"}],"wp:term":[{"taxonomy":"product_cat","embeddable":true,"href":"https:\/\/back.mascotarea.com\/index.php?rest_route=%2Fwp%2Fv2%2Fproduct_cat&post=8126"},{"taxonomy":"product_tag","embeddable":true,"href":"https:\/\/back.mascotarea.com\/index.php?rest_route=%2Fwp%2Fv2%2Fproduct_tag&post=8126"}],"curies":[{"name":"wp","href":"https:\/\/api.w.org\/{rel}","templated":true}]}}