{"id":8152,"date":"2021-03-04T15:54:56","date_gmt":"2021-03-04T15:54:56","guid":{"rendered":"https:\/\/back.mascotarea.com\/producto\/hills-feline-c-d-urinary-stress-plus-metabolic-4kg\/"},"modified":"2023-06-04T06:10:14","modified_gmt":"2023-06-04T06:10:14","slug":"hills-feline-c-d-urinary-stress-plus-metabolic-4kg","status":"publish","type":"product","link":"https:\/\/back.mascotarea.com\/?product=hills-feline-c-d-urinary-stress-plus-metabolic-4kg","title":{"rendered":"Hills Feline C\/D Urinary Stress Plus Metabolic 4kg"},"content":{"rendered":"<p>Beneficios clave<\/p>\n<p><\/p>\n<p>    Con L-tript\u00f3fano a\u00f1adido y prote\u00edna de la leche hidrolizada para controlar el estr\u00e9s<\/p>\n<p>    Probado cl\u00ednicamente que reduce el peso un 11% en 60 d\u00edas<\/p>\n<p>    Niveles controlados de magnesio, calcio y f\u00f3sforo para reducir la formaci\u00f3n de cristales y c\u00e1lculos<\/p>\n<p>    Promueve un pH urinario \u00f3ptimo para ayudar a disolver los c\u00e1lculos y prevenir la recurrencia<\/p>\n<p>    Altos niveles de \u00e1cidos grasos omega-3 para ayudar a romper el ciclo de la inflamaci\u00f3n<\/p>\n<p><\/p>\n<p><\/p>\n<p>COMPOSICI\u00d3N: carnes y subproductos animales (pollo 15%), extractos de prote\u00ednas vegetales, cereales, subproductos de origen vegetal, verduras, aceites y grasas, semillas, sustancias minerales. Sustancias acidificantes de la orina: DL-metionina, cloruro pot\u00e1sico, cloruro de colina y sulfato c\u00e1lcico.<\/p>\n<p><\/p>\n<p>COMPONENTES ANAL\u00cdTICOS: prote\u00edna 36.8%, contenido en grasa 12.9%, fibra bruta 10.1%, ceniza bruta 5.3%, calcio 0.75%, f\u00f3sforo 0.67%, sodio 0.33%, potasio 0.74%, cloruros 0.77%, sulfuro 0.79%, magnesio 0.07%, L-tript\u00f3fano 0.42%; por kg: vitamina A 7,307IU, vitamina D3 758IU, vitamina E 810mg, Beta-caroteno 1.5mg, prote\u00edna de la leche hidrolizada 1,000mg, Taurina total 2,514mg.<\/p>\n<p><\/p>\n<p>ADITIVOS POR KG: aditivos nutricionales: 3b103 (Hierro) 66.5mg, 3b202 (Yodo) 1.0mg, 3b405 (Cobre) 6.6mg, 3b502 (Manganeso) 82.7mg, 3b603 (Zinc) 138mg, 3b801 (Selenio) 0.1mg; con antioxidante natural. Energ\u00eda metabolizable (calculada): 14.3 MJ por kg.<\/p>\n<p><\/p>\n","protected":false},"excerpt":{"rendered":"<p>Alimento para gatos cient\u00edficamente formulado para ayudar a controlar el estr\u00e9s y el peso. El estr\u00e9s y la obesidad son causas comunes de problemas urinarios en los gatos, incluyendo la enfermedad del tracto urinario inferior felino (FLUTD).<\/p>\n","protected":false},"featured_media":8151,"comment_status":"open","ping_status":"closed","template":"","meta":{"_uag_custom_page_level_css":"","_themeisle_gutenberg_block_has_review":false},"product_cat":[202],"product_tag":[],"class_list":{"0":"post-8152","1":"product","2":"type-product","3":"status-publish","4":"has-post-thumbnail","6":"product_cat-pienso-veterinario-seco-para-gato","8":"first","9":"outofstock","10":"taxable","11":"shipping-taxable","12":"purchasable","13":"product-type-simple","14":"customify-col"},"uagb_featured_image_src":{"full":["https:\/\/back.mascotarea.com\/wp-content\/uploads\/2021\/03\/hills-feline-c-d-urinary-stress-plus-metabolic-4kg_29408.jpg",800,1000,false],"thumbnail":["https:\/\/back.mascotarea.com\/wp-content\/uploads\/2021\/03\/hills-feline-c-d-urinary-stress-plus-metabolic-4kg_29408-150x150.jpg",150,150,true],"medium":["https:\/\/back.mascotarea.com\/wp-content\/uploads\/2021\/03\/hills-feline-c-d-urinary-stress-plus-metabolic-4kg_29408-240x300.jpg",240,300,true],"medium_large":["https:\/\/back.mascotarea.com\/wp-content\/uploads\/2021\/03\/hills-feline-c-d-urinary-stress-plus-metabolic-4kg_29408-768x960.jpg",768,960,true],"large":["https:\/\/back.mascotarea.com\/wp-content\/uploads\/2021\/03\/hills-feline-c-d-urinary-stress-plus-metabolic-4kg_29408.jpg",800,1000,false],"1536x1536":["https:\/\/back.mascotarea.com\/wp-content\/uploads\/2021\/03\/hills-feline-c-d-urinary-stress-plus-metabolic-4kg_29408.jpg",800,1000,false],"2048x2048":["https:\/\/back.mascotarea.com\/wp-content\/uploads\/2021\/03\/hills-feline-c-d-urinary-stress-plus-metabolic-4kg_29408.jpg",800,1000,false],"woocommerce_thumbnail":["https:\/\/back.mascotarea.com\/wp-content\/uploads\/2021\/03\/hills-feline-c-d-urinary-stress-plus-metabolic-4kg_29408-200x200.jpg",200,200,true],"woocommerce_single":["https:\/\/back.mascotarea.com\/wp-content\/uploads\/2021\/03\/hills-feline-c-d-urinary-stress-plus-metabolic-4kg_29408-200x250.jpg",200,250,true],"woocommerce_gallery_thumbnail":["https:\/\/back.mascotarea.com\/wp-content\/uploads\/2021\/03\/hills-feline-c-d-urinary-stress-plus-metabolic-4kg_29408-100x100.jpg",100,100,true],"dgwt-wcas-product-suggestion":["https:\/\/back.mascotarea.com\/wp-content\/uploads\/2021\/03\/hills-feline-c-d-urinary-stress-plus-metabolic-4kg_29408-64x80.jpg",64,80,true]},"uagb_author_info":{"display_name":"Roberto","author_link":"https:\/\/back.mascotarea.com\/?author=0"},"uagb_comment_info":0,"uagb_excerpt":"Alimento para gatos cient\u00edficamente formulado para ayudar a controlar el estr\u00e9s y el peso. El estr\u00e9s y la obesidad son causas comunes de problemas urinarios en los gatos, incluyendo la enfermedad del tracto urinario inferior felino (FLUTD).","_links":{"self":[{"href":"https:\/\/back.mascotarea.com\/index.php?rest_route=\/wp\/v2\/product\/8152","targetHints":{"allow":["GET"]}}],"collection":[{"href":"https:\/\/back.mascotarea.com\/index.php?rest_route=\/wp\/v2\/product"}],"about":[{"href":"https:\/\/back.mascotarea.com\/index.php?rest_route=\/wp\/v2\/types\/product"}],"replies":[{"embeddable":true,"href":"https:\/\/back.mascotarea.com\/index.php?rest_route=%2Fwp%2Fv2%2Fcomments&post=8152"}],"wp:featuredmedia":[{"embeddable":true,"href":"https:\/\/back.mascotarea.com\/index.php?rest_route=\/wp\/v2\/media\/8151"}],"wp:attachment":[{"href":"https:\/\/back.mascotarea.com\/index.php?rest_route=%2Fwp%2Fv2%2Fmedia&parent=8152"}],"wp:term":[{"taxonomy":"product_cat","embeddable":true,"href":"https:\/\/back.mascotarea.com\/index.php?rest_route=%2Fwp%2Fv2%2Fproduct_cat&post=8152"},{"taxonomy":"product_tag","embeddable":true,"href":"https:\/\/back.mascotarea.com\/index.php?rest_route=%2Fwp%2Fv2%2Fproduct_tag&post=8152"}],"curies":[{"name":"wp","href":"https:\/\/api.w.org\/{rel}","templated":true}]}}