{"id":8158,"date":"2021-03-04T15:55:01","date_gmt":"2021-03-04T15:55:01","guid":{"rendered":"https:\/\/back.mascotarea.com\/producto\/hills-puppy-small-miniature-1-5kg\/"},"modified":"2023-06-04T06:10:15","modified_gmt":"2023-06-04T06:10:15","slug":"hills-puppy-small-miniature-1-5kg","status":"publish","type":"product","link":"https:\/\/back.mascotarea.com\/?product=hills-puppy-small-miniature-1-5kg","title":{"rendered":"Hills  Puppy Small &amp; Miniature 1,5kg"},"content":{"rendered":"<p><\/p>\n<p>    DHA procedente del aceite de pescado para un desarrollo sano del cerebro y los ojos<\/p>\n<p>    Prote\u00edna de alta calidad para para desarrollar una musculatura magra. Minerales equilibrados para dientes y huesos fuertes<\/p>\n<p>    Contiene nuestra mezcla de antioxidantes especial Small &amp; Mini para favorecer el sistema inmunitario urante toda su vida<\/p>\n<p><\/p>\n<p><\/p>\n<p>COMPOSICI\u00d3N: Harina de pollo y pavo, ma\u00edz, trigo, grasa animal, solubles de carne, arroz cervecero, harina de gluten de ma\u00edz, pulpa de remolacha, sustancias minerales, aceite de pescado, semilla de lino, piel de tomate desecada, pulpa de c\u00edtricos desecada, espinaca desecada.<\/p>\n<p><\/p>\n<p>COMPONENTES ANAL\u00cdTICOS: Prote\u00edna 27,2%, Contenido en grasa 17,7%, Fibra bruta 1,5%, DHA 0,16%, Ceniza bruta 7,0%, Calcio 1,3%, F\u00f3sforo 1,0%, Sodio 0,49%, Potasio 0,78%, Magnesio 0,09%; por kg: Vitamina A 10.791UI, Vitamina D3 757UI, Vitamina E 690mg, Vitamina C 105mg, Beta-caroteno 1,5mg.<\/p>\n<p><\/p>\n<p>ADITIVOS POR KG: Aditivos nutricionales: 3b103 (Hierro) 67,5mg, 3b202 (Yodo) 1,1mg, 3b405 (Cobre) 6,7mg, 3b502 (Manganeso) 7,0mg, 3b603 (Zinc) 140mg, 3b801 (Selenio) 0,1mg; con antioxidante natural.<\/p>\n<p><\/p>\n","protected":false},"excerpt":{"rendered":"<p> Nutrici\u00f3n hecha a medida para satisfacer las necesidades de desarrollo de los cachorros de razas peque\u00f1as y mini, para que tengan el mejor comienzo de su vida y desarrollen todo su potencial. Hechos especialmente con nuestras croquetas m\u00e1s peque\u00f1as.<\/p>\n","protected":false},"featured_media":8157,"comment_status":"open","ping_status":"closed","template":"","meta":{"_uag_custom_page_level_css":"","_themeisle_gutenberg_block_has_review":false},"product_cat":[192],"product_tag":[],"class_list":{"0":"post-8158","1":"product","2":"type-product","3":"status-publish","4":"has-post-thumbnail","6":"product_cat-pienso-seco-para-perro","8":"first","9":"outofstock","10":"taxable","11":"shipping-taxable","12":"purchasable","13":"product-type-simple","14":"customify-col"},"uagb_featured_image_src":{"full":["https:\/\/back.mascotarea.com\/wp-content\/uploads\/2021\/03\/hills-puppy-small-miniature-1-5kg_641.jpg",800,1000,false],"thumbnail":["https:\/\/back.mascotarea.com\/wp-content\/uploads\/2021\/03\/hills-puppy-small-miniature-1-5kg_641-150x150.jpg",150,150,true],"medium":["https:\/\/back.mascotarea.com\/wp-content\/uploads\/2021\/03\/hills-puppy-small-miniature-1-5kg_641-240x300.jpg",240,300,true],"medium_large":["https:\/\/back.mascotarea.com\/wp-content\/uploads\/2021\/03\/hills-puppy-small-miniature-1-5kg_641-768x960.jpg",768,960,true],"large":["https:\/\/back.mascotarea.com\/wp-content\/uploads\/2021\/03\/hills-puppy-small-miniature-1-5kg_641.jpg",800,1000,false],"1536x1536":["https:\/\/back.mascotarea.com\/wp-content\/uploads\/2021\/03\/hills-puppy-small-miniature-1-5kg_641.jpg",800,1000,false],"2048x2048":["https:\/\/back.mascotarea.com\/wp-content\/uploads\/2021\/03\/hills-puppy-small-miniature-1-5kg_641.jpg",800,1000,false],"woocommerce_thumbnail":["https:\/\/back.mascotarea.com\/wp-content\/uploads\/2021\/03\/hills-puppy-small-miniature-1-5kg_641-200x200.jpg",200,200,true],"woocommerce_single":["https:\/\/back.mascotarea.com\/wp-content\/uploads\/2021\/03\/hills-puppy-small-miniature-1-5kg_641-200x250.jpg",200,250,true],"woocommerce_gallery_thumbnail":["https:\/\/back.mascotarea.com\/wp-content\/uploads\/2021\/03\/hills-puppy-small-miniature-1-5kg_641-100x100.jpg",100,100,true],"dgwt-wcas-product-suggestion":["https:\/\/back.mascotarea.com\/wp-content\/uploads\/2021\/03\/hills-puppy-small-miniature-1-5kg_641-64x80.jpg",64,80,true]},"uagb_author_info":{"display_name":"Roberto","author_link":"https:\/\/back.mascotarea.com\/?author=0"},"uagb_comment_info":0,"uagb_excerpt":"Nutrici\u00f3n hecha a medida para satisfacer las necesidades de desarrollo de los cachorros de razas peque\u00f1as y mini, para que tengan el mejor comienzo de su vida y desarrollen todo su potencial. Hechos especialmente con nuestras croquetas m\u00e1s peque\u00f1as.","_links":{"self":[{"href":"https:\/\/back.mascotarea.com\/index.php?rest_route=\/wp\/v2\/product\/8158","targetHints":{"allow":["GET"]}}],"collection":[{"href":"https:\/\/back.mascotarea.com\/index.php?rest_route=\/wp\/v2\/product"}],"about":[{"href":"https:\/\/back.mascotarea.com\/index.php?rest_route=\/wp\/v2\/types\/product"}],"replies":[{"embeddable":true,"href":"https:\/\/back.mascotarea.com\/index.php?rest_route=%2Fwp%2Fv2%2Fcomments&post=8158"}],"wp:featuredmedia":[{"embeddable":true,"href":"https:\/\/back.mascotarea.com\/index.php?rest_route=\/wp\/v2\/media\/8157"}],"wp:attachment":[{"href":"https:\/\/back.mascotarea.com\/index.php?rest_route=%2Fwp%2Fv2%2Fmedia&parent=8158"}],"wp:term":[{"taxonomy":"product_cat","embeddable":true,"href":"https:\/\/back.mascotarea.com\/index.php?rest_route=%2Fwp%2Fv2%2Fproduct_cat&post=8158"},{"taxonomy":"product_tag","embeddable":true,"href":"https:\/\/back.mascotarea.com\/index.php?rest_route=%2Fwp%2Fv2%2Fproduct_tag&post=8158"}],"curies":[{"name":"wp","href":"https:\/\/api.w.org\/{rel}","templated":true}]}}