{"id":8186,"date":"2021-03-04T15:55:28","date_gmt":"2021-03-04T15:55:28","guid":{"rendered":"https:\/\/back.mascotarea.com\/producto\/hills-feline-r-d-5kg\/"},"modified":"2023-06-04T06:10:16","modified_gmt":"2023-06-04T06:10:16","slug":"hills-feline-r-d-5kg","status":"publish","type":"product","link":"https:\/\/back.mascotarea.com\/?product=hills-feline-r-d-5kg","title":{"rendered":"Hills  Feline R\/D 5kg"},"content":{"rendered":"<p>C\u00f3mo ayuda:<\/p>\n<p><\/p>\n<p>Prescription Diet\u2122 Feline r\/d\u2122 ha sido espec\u00edficamente dise\u00f1ado para el manejo de los gatos con problemas de sobrepeso.<\/p>\n<p><\/p>\n<p>Beneficios Clave<\/p>\n<p><\/p>\n<p>    Bajo en grasa y calor\u00edas para favorecer la p\u00e9rdida de peso. <\/p>\n<p>    Alto en fibra para ayudar a reducir la sensaci\u00f3n de hambre y evitar el comportamiento pedig\u00fce\u00f1o.<\/p>\n<p>    Suplementado con L-carnitina para ayudar a quemar la grasa y mantener la masa muscular.<\/p>\n<p>    Ayuda a neutralizar los radicales libres gracias a su alto nivel de antioxidantes.<\/p>\n<p>    Con un delicioso sabor que le encantar\u00e1 y disponible tanto en seco como en h\u00famedo para adaptarse a las preferencias de cada gato.<\/p>\n<p><\/p>\n<p><\/p>\n<p>COMPOSICI\u00d3N: Carnes y subproductos animales, cereales, extractos de prote\u00ednas vegetales, subproductos de origen vegetal, aceites y grasas, sustancias minerales.<\/p>\n<p><\/p>\n<p>COMPONENTES ANAL\u00cdTICOS: Prote\u00edna 36,4%, Contenido en grasa 10,2%, Fibra bruta 12,7%, Ceniza bruta 6,1%, Calcio 0,91%, F\u00f3sforo 0,79%, Sodio 0,35%, Potasio 0,86%, Magnesio 0,07%; por kg: Vitamina A 13.368UI, Vitamina D3 1.208UI, Vitamina E 500mg, Vitamina C 85mg, Beta-caroteno 1,5mg, L-carnitina 512mg.<\/p>\n<p><\/p>\n<p>ADITIVOS POR KG: Aditivos nutricionales: E1 (Hierro) 61,4mg, 3b202 (Yodo) 1,0mg, E4 (Cobre) 6,1mg, 3b502 (Manganeso) 6,3mg, 3b603 (Zinc) 127mg, E8 (Selenio) 0,1mg; con antioxidante natural, Energ\u00eda metabolizable (calculada): 13,2MJ\/kg.<\/p>\n<p><\/p>\n","protected":false},"excerpt":{"rendered":"<p>Un alimento bajo en grasa y alto en fibra que ha probado cl\u00ednicamente que reduce la grasa corporal en un 20% en 3 meses.<\/p>\n","protected":false},"featured_media":8185,"comment_status":"open","ping_status":"closed","template":"","meta":{"_uag_custom_page_level_css":"","_themeisle_gutenberg_block_has_review":false},"product_cat":[202],"product_tag":[],"class_list":{"0":"post-8186","1":"product","2":"type-product","3":"status-publish","4":"has-post-thumbnail","6":"product_cat-pienso-veterinario-seco-para-gato","8":"first","9":"outofstock","10":"taxable","11":"shipping-taxable","12":"purchasable","13":"product-type-simple","14":"customify-col"},"uagb_featured_image_src":{"full":["https:\/\/back.mascotarea.com\/wp-content\/uploads\/2021\/03\/hills-feline-r-d-5kg_32493.jpg",800,1000,false],"thumbnail":["https:\/\/back.mascotarea.com\/wp-content\/uploads\/2021\/03\/hills-feline-r-d-5kg_32493-150x150.jpg",150,150,true],"medium":["https:\/\/back.mascotarea.com\/wp-content\/uploads\/2021\/03\/hills-feline-r-d-5kg_32493-240x300.jpg",240,300,true],"medium_large":["https:\/\/back.mascotarea.com\/wp-content\/uploads\/2021\/03\/hills-feline-r-d-5kg_32493-768x960.jpg",768,960,true],"large":["https:\/\/back.mascotarea.com\/wp-content\/uploads\/2021\/03\/hills-feline-r-d-5kg_32493.jpg",800,1000,false],"1536x1536":["https:\/\/back.mascotarea.com\/wp-content\/uploads\/2021\/03\/hills-feline-r-d-5kg_32493.jpg",800,1000,false],"2048x2048":["https:\/\/back.mascotarea.com\/wp-content\/uploads\/2021\/03\/hills-feline-r-d-5kg_32493.jpg",800,1000,false],"woocommerce_thumbnail":["https:\/\/back.mascotarea.com\/wp-content\/uploads\/2021\/03\/hills-feline-r-d-5kg_32493-200x200.jpg",200,200,true],"woocommerce_single":["https:\/\/back.mascotarea.com\/wp-content\/uploads\/2021\/03\/hills-feline-r-d-5kg_32493-200x250.jpg",200,250,true],"woocommerce_gallery_thumbnail":["https:\/\/back.mascotarea.com\/wp-content\/uploads\/2021\/03\/hills-feline-r-d-5kg_32493-100x100.jpg",100,100,true],"dgwt-wcas-product-suggestion":["https:\/\/back.mascotarea.com\/wp-content\/uploads\/2021\/03\/hills-feline-r-d-5kg_32493-64x80.jpg",64,80,true]},"uagb_author_info":{"display_name":"Roberto","author_link":"https:\/\/back.mascotarea.com\/?author=0"},"uagb_comment_info":0,"uagb_excerpt":"Un alimento bajo en grasa y alto en fibra que ha probado cl\u00ednicamente que reduce la grasa corporal en un 20% en 3 meses.","_links":{"self":[{"href":"https:\/\/back.mascotarea.com\/index.php?rest_route=\/wp\/v2\/product\/8186","targetHints":{"allow":["GET"]}}],"collection":[{"href":"https:\/\/back.mascotarea.com\/index.php?rest_route=\/wp\/v2\/product"}],"about":[{"href":"https:\/\/back.mascotarea.com\/index.php?rest_route=\/wp\/v2\/types\/product"}],"replies":[{"embeddable":true,"href":"https:\/\/back.mascotarea.com\/index.php?rest_route=%2Fwp%2Fv2%2Fcomments&post=8186"}],"wp:featuredmedia":[{"embeddable":true,"href":"https:\/\/back.mascotarea.com\/index.php?rest_route=\/wp\/v2\/media\/8185"}],"wp:attachment":[{"href":"https:\/\/back.mascotarea.com\/index.php?rest_route=%2Fwp%2Fv2%2Fmedia&parent=8186"}],"wp:term":[{"taxonomy":"product_cat","embeddable":true,"href":"https:\/\/back.mascotarea.com\/index.php?rest_route=%2Fwp%2Fv2%2Fproduct_cat&post=8186"},{"taxonomy":"product_tag","embeddable":true,"href":"https:\/\/back.mascotarea.com\/index.php?rest_route=%2Fwp%2Fv2%2Fproduct_tag&post=8186"}],"curies":[{"name":"wp","href":"https:\/\/api.w.org\/{rel}","templated":true}]}}