{"id":8661,"date":"2021-04-21T14:52:18","date_gmt":"2021-04-21T14:52:18","guid":{"rendered":"https:\/\/back.mascotarea.com\/producto\/dog-activity-snack-spinner-14-cm-gr-nar-niv-2\/"},"modified":"2023-06-04T06:10:49","modified_gmt":"2023-06-04T06:10:49","slug":"dog-activity-snack-spinner-14-cm-gr-nar-niv-2","status":"publish","type":"product","link":"https:\/\/back.mascotarea.com\/?product=dog-activity-snack-spinner-14-cm-gr-nar-niv-2","title":{"rendered":"Dog Activity Snack Spinner, \u00f814 Cm, Gr\/Nar, Niv.2"},"content":{"rendered":"","protected":false},"excerpt":{"rendered":"<p>Nivel 2 de dificultad (Avanzado).<\/p>\n<p>&#8211; Medidas:<\/p>\n<p>\u00b7 Di\u00e1metro: 14 cm.<\/p>\n<p>\u00b7 Alto: 11 cm.<\/p>\n<p>&#8211; Hecho de caucho natural\/pl\u00e1stico.<\/p>\n<p>&#8211; El movimiento provoca que los premios caigan en dos pasos: de la parte superior al bol y hasta la apertura regulable.<\/p>\n<p>&#8211; Apertura desenroscable para ser f\u00e1cil de llenar.<\/p>\n<p><\/p>\n<p>La gama Dog Activity de Trixie est\u00e1 creada para saciar el instinto curioso y desarrollar la inteligencia de los perros. No s\u00f3lo es imprescindible su entrenamiento f\u00edsico mediante el juego, sino que tambi\u00e9n es muy importante ofrecerles refuerzo y apoyo mental para ayudar decisivamente a su educaci\u00f3n.<\/p>\n<p><\/p>\n<p>El juego debe ser limpiado con regularidad (aptos para lavavajillas).<\/p>\n<p><\/p>\n<p>\u00a1Vigila a tu perro mientras juega!<\/p>\n<p><\/p>\n","protected":false},"featured_media":8660,"comment_status":"open","ping_status":"closed","template":"","meta":{"_uag_custom_page_level_css":"","_themeisle_gutenberg_block_has_review":false},"product_cat":[181],"product_tag":[],"class_list":{"0":"post-8661","1":"product","2":"type-product","3":"status-publish","4":"has-post-thumbnail","6":"product_cat-juguetes-para-perro","8":"first","9":"outofstock","10":"taxable","11":"shipping-taxable","12":"purchasable","13":"product-type-simple","14":"customify-col"},"uagb_featured_image_src":{"full":["https:\/\/back.mascotarea.com\/wp-content\/uploads\/2021\/04\/dog-activity-snack-spinner-14-cm-gr-nar-niv-2_16291.jpg",800,1000,false],"thumbnail":["https:\/\/back.mascotarea.com\/wp-content\/uploads\/2021\/04\/dog-activity-snack-spinner-14-cm-gr-nar-niv-2_16291-150x150.jpg",150,150,true],"medium":["https:\/\/back.mascotarea.com\/wp-content\/uploads\/2021\/04\/dog-activity-snack-spinner-14-cm-gr-nar-niv-2_16291-240x300.jpg",240,300,true],"medium_large":["https:\/\/back.mascotarea.com\/wp-content\/uploads\/2021\/04\/dog-activity-snack-spinner-14-cm-gr-nar-niv-2_16291-768x960.jpg",768,960,true],"large":["https:\/\/back.mascotarea.com\/wp-content\/uploads\/2021\/04\/dog-activity-snack-spinner-14-cm-gr-nar-niv-2_16291.jpg",800,1000,false],"1536x1536":["https:\/\/back.mascotarea.com\/wp-content\/uploads\/2021\/04\/dog-activity-snack-spinner-14-cm-gr-nar-niv-2_16291.jpg",800,1000,false],"2048x2048":["https:\/\/back.mascotarea.com\/wp-content\/uploads\/2021\/04\/dog-activity-snack-spinner-14-cm-gr-nar-niv-2_16291.jpg",800,1000,false],"woocommerce_thumbnail":["https:\/\/back.mascotarea.com\/wp-content\/uploads\/2021\/04\/dog-activity-snack-spinner-14-cm-gr-nar-niv-2_16291-200x200.jpg",200,200,true],"woocommerce_single":["https:\/\/back.mascotarea.com\/wp-content\/uploads\/2021\/04\/dog-activity-snack-spinner-14-cm-gr-nar-niv-2_16291-200x250.jpg",200,250,true],"woocommerce_gallery_thumbnail":["https:\/\/back.mascotarea.com\/wp-content\/uploads\/2021\/04\/dog-activity-snack-spinner-14-cm-gr-nar-niv-2_16291-100x100.jpg",100,100,true],"dgwt-wcas-product-suggestion":["https:\/\/back.mascotarea.com\/wp-content\/uploads\/2021\/04\/dog-activity-snack-spinner-14-cm-gr-nar-niv-2_16291-64x80.jpg",64,80,true]},"uagb_author_info":{"display_name":"Roberto","author_link":"https:\/\/back.mascotarea.com\/?author=0"},"uagb_comment_info":0,"uagb_excerpt":"Nivel 2 de dificultad (Avanzado).- Medidas:\u00b7 Di\u00e1metro: 14 cm.\u00b7 Alto: 11 cm.- Hecho de caucho natural\/pl\u00e1stico.- El movimiento provoca que los premios caigan en dos pasos: de la parte superior al bol y hasta la apertura regulable.- Apertura desenroscable para ser f\u00e1cil de llenar.La gama Dog Activity de Trixie est\u00e1 creada para saciar el instinto&hellip;","_links":{"self":[{"href":"https:\/\/back.mascotarea.com\/index.php?rest_route=\/wp\/v2\/product\/8661","targetHints":{"allow":["GET"]}}],"collection":[{"href":"https:\/\/back.mascotarea.com\/index.php?rest_route=\/wp\/v2\/product"}],"about":[{"href":"https:\/\/back.mascotarea.com\/index.php?rest_route=\/wp\/v2\/types\/product"}],"replies":[{"embeddable":true,"href":"https:\/\/back.mascotarea.com\/index.php?rest_route=%2Fwp%2Fv2%2Fcomments&post=8661"}],"wp:featuredmedia":[{"embeddable":true,"href":"https:\/\/back.mascotarea.com\/index.php?rest_route=\/wp\/v2\/media\/8660"}],"wp:attachment":[{"href":"https:\/\/back.mascotarea.com\/index.php?rest_route=%2Fwp%2Fv2%2Fmedia&parent=8661"}],"wp:term":[{"taxonomy":"product_cat","embeddable":true,"href":"https:\/\/back.mascotarea.com\/index.php?rest_route=%2Fwp%2Fv2%2Fproduct_cat&post=8661"},{"taxonomy":"product_tag","embeddable":true,"href":"https:\/\/back.mascotarea.com\/index.php?rest_route=%2Fwp%2Fv2%2Fproduct_tag&post=8661"}],"curies":[{"name":"wp","href":"https:\/\/api.w.org\/{rel}","templated":true}]}}