{"id":8760,"date":"2021-04-30T16:28:40","date_gmt":"2021-04-30T16:28:40","guid":{"rendered":"https:\/\/back.mascotarea.com\/producto\/neumatico-caucho-con-cuerda-15-cm-32-cm\/"},"modified":"2023-06-04T06:10:56","modified_gmt":"2023-06-04T06:10:56","slug":"neumatico-caucho-con-cuerda-15-cm-32-cm","status":"publish","type":"product","link":"https:\/\/back.mascotarea.com\/?product=neumatico-caucho-con-cuerda-15-cm-32-cm","title":{"rendered":"Neum\u00e1tico Caucho Con Cuerda, \u00f815 Cm, 32 Cm"},"content":{"rendered":"<p>VENTAJAS:<\/p>\n<p><\/p>\n<p>    Hecho con caucho natural y cuerda de nylon.<\/p>\n<p><\/p>\n<p>    Evita los destrozos en casa.<\/p>\n<p><\/p>\n<p>    Apropiado para el adiestramiento y entrenamiento f\u00edsico del perro.<\/p>\n<p><\/p>\n","protected":false},"excerpt":{"rendered":"<p> Neum\u00e1tico Caucho con Cuerda es una ideal alternativa para que tu perro deje de masticar los objetos de la casa, hecho con caucho natural en forma de neum\u00e1tico muy resistente y con una cuerda de material de nylon en forma de asa, muy propicio para los juegos de lanzamiento y tiro.<\/p>\n<p><\/p>\n<p>Tu mascota podr\u00e1 morder este juguete de manera totalmente segura y sin riesgo de da\u00f1arse los dientes o la mand\u00edbula, por lo que hace las veces de mordedor, lo cual es muy beneficioso para su salud dental, adem\u00e1s que fortalece la musculatura de su boca.<\/p>\n<p><\/p>\n<p>Asimismo, este Neum\u00e1tico Caucho con Cuerda es apropiado para el adiestramiento y el entrenamiento f\u00edsico de tu perro, pues con \u00e9l har\u00e1 ejercicios, y as\u00ed reducir\u00e1 la ansiedad, combatir\u00e1 el aburrimiento y se evitar\u00e1 los destrozos en casa.<\/p>\n","protected":false},"featured_media":8759,"comment_status":"open","ping_status":"closed","template":"","meta":{"_uag_custom_page_level_css":"","_themeisle_gutenberg_block_has_review":false},"product_cat":[181],"product_tag":[],"class_list":{"0":"post-8760","1":"product","2":"type-product","3":"status-publish","4":"has-post-thumbnail","6":"product_cat-juguetes-para-perro","8":"first","9":"outofstock","10":"taxable","11":"shipping-taxable","12":"purchasable","13":"product-type-simple","14":"customify-col"},"uagb_featured_image_src":{"full":["https:\/\/back.mascotarea.com\/wp-content\/uploads\/2021\/04\/neumatico-caucho-con-cuerda-15-cm-32-cm_11961.jpg",800,1000,false],"thumbnail":["https:\/\/back.mascotarea.com\/wp-content\/uploads\/2021\/04\/neumatico-caucho-con-cuerda-15-cm-32-cm_11961-150x150.jpg",150,150,true],"medium":["https:\/\/back.mascotarea.com\/wp-content\/uploads\/2021\/04\/neumatico-caucho-con-cuerda-15-cm-32-cm_11961-240x300.jpg",240,300,true],"medium_large":["https:\/\/back.mascotarea.com\/wp-content\/uploads\/2021\/04\/neumatico-caucho-con-cuerda-15-cm-32-cm_11961-768x960.jpg",768,960,true],"large":["https:\/\/back.mascotarea.com\/wp-content\/uploads\/2021\/04\/neumatico-caucho-con-cuerda-15-cm-32-cm_11961.jpg",800,1000,false],"1536x1536":["https:\/\/back.mascotarea.com\/wp-content\/uploads\/2021\/04\/neumatico-caucho-con-cuerda-15-cm-32-cm_11961.jpg",800,1000,false],"2048x2048":["https:\/\/back.mascotarea.com\/wp-content\/uploads\/2021\/04\/neumatico-caucho-con-cuerda-15-cm-32-cm_11961.jpg",800,1000,false],"woocommerce_thumbnail":["https:\/\/back.mascotarea.com\/wp-content\/uploads\/2021\/04\/neumatico-caucho-con-cuerda-15-cm-32-cm_11961-200x200.jpg",200,200,true],"woocommerce_single":["https:\/\/back.mascotarea.com\/wp-content\/uploads\/2021\/04\/neumatico-caucho-con-cuerda-15-cm-32-cm_11961-200x250.jpg",200,250,true],"woocommerce_gallery_thumbnail":["https:\/\/back.mascotarea.com\/wp-content\/uploads\/2021\/04\/neumatico-caucho-con-cuerda-15-cm-32-cm_11961-100x100.jpg",100,100,true],"dgwt-wcas-product-suggestion":["https:\/\/back.mascotarea.com\/wp-content\/uploads\/2021\/04\/neumatico-caucho-con-cuerda-15-cm-32-cm_11961-64x80.jpg",64,80,true]},"uagb_author_info":{"display_name":"Roberto","author_link":"https:\/\/back.mascotarea.com\/?author=0"},"uagb_comment_info":0,"uagb_excerpt":"Neum\u00e1tico Caucho con Cuerda es una ideal alternativa para que tu perro deje de masticar los objetos de la casa, hecho con caucho natural en forma de neum\u00e1tico muy resistente y con una cuerda de material de nylon en forma de asa, muy propicio para los juegos de lanzamiento y tiro.Tu mascota podr\u00e1 morder este&hellip;","_links":{"self":[{"href":"https:\/\/back.mascotarea.com\/index.php?rest_route=\/wp\/v2\/product\/8760","targetHints":{"allow":["GET"]}}],"collection":[{"href":"https:\/\/back.mascotarea.com\/index.php?rest_route=\/wp\/v2\/product"}],"about":[{"href":"https:\/\/back.mascotarea.com\/index.php?rest_route=\/wp\/v2\/types\/product"}],"replies":[{"embeddable":true,"href":"https:\/\/back.mascotarea.com\/index.php?rest_route=%2Fwp%2Fv2%2Fcomments&post=8760"}],"wp:featuredmedia":[{"embeddable":true,"href":"https:\/\/back.mascotarea.com\/index.php?rest_route=\/wp\/v2\/media\/8759"}],"wp:attachment":[{"href":"https:\/\/back.mascotarea.com\/index.php?rest_route=%2Fwp%2Fv2%2Fmedia&parent=8760"}],"wp:term":[{"taxonomy":"product_cat","embeddable":true,"href":"https:\/\/back.mascotarea.com\/index.php?rest_route=%2Fwp%2Fv2%2Fproduct_cat&post=8760"},{"taxonomy":"product_tag","embeddable":true,"href":"https:\/\/back.mascotarea.com\/index.php?rest_route=%2Fwp%2Fv2%2Fproduct_tag&post=8760"}],"curies":[{"name":"wp","href":"https:\/\/api.w.org\/{rel}","templated":true}]}}