{"id":8809,"date":"2021-05-05T14:05:58","date_gmt":"2021-05-05T14:05:58","guid":{"rendered":"https:\/\/back.mascotarea.com\/producto\/rosewood-biosafe-limon-13-cm\/"},"modified":"2023-06-04T06:10:59","modified_gmt":"2023-06-04T06:10:59","slug":"rosewood-biosafe-limon-13-cm","status":"publish","type":"product","link":"https:\/\/back.mascotarea.com\/?product=rosewood-biosafe-limon-13-cm","title":{"rendered":"Rosewood Biosafe Lim\u00f3n 13 Cm"},"content":{"rendered":"","protected":false},"excerpt":{"rendered":"<p>Rosewood Juguete Higi\u00e9nico Bucal Lim\u00f3n para perros es excelente para mantener a tu mascota entretenida y a la vez ejerciendo amplios beneficios en la salud oral del animal. Tambi\u00e9n es estimulante de las enc\u00edas y en tan solo 2 horas mata el 99% de los microbios. El producto emite sonido y es perfecto para ser lanzado. Se caracteriza por sus efectos tranquilizadores y sobre todo por la efectividad en la reducci\u00f3n de los g\u00e9rmenes y microbios bucales desde los primeros 15 minutos de uso. Reduce las manchas, halitosis, la degradaci\u00f3n prematura de las piezas dentales y es resistente y duradero. \u00a1Tecnolog\u00eda antimicrobiana a tu alcance!<\/p>\n","protected":false},"featured_media":8808,"comment_status":"open","ping_status":"closed","template":"","meta":{"_uag_custom_page_level_css":"","_themeisle_gutenberg_block_has_review":false},"product_cat":[181],"product_tag":[],"class_list":{"0":"post-8809","1":"product","2":"type-product","3":"status-publish","4":"has-post-thumbnail","6":"product_cat-juguetes-para-perro","8":"first","9":"outofstock","10":"taxable","11":"shipping-taxable","12":"purchasable","13":"product-type-simple","14":"customify-col"},"uagb_featured_image_src":{"full":["https:\/\/back.mascotarea.com\/wp-content\/uploads\/2021\/05\/rosewood-biosafe-limon-13-cm_11585.jpg",800,1000,false],"thumbnail":["https:\/\/back.mascotarea.com\/wp-content\/uploads\/2021\/05\/rosewood-biosafe-limon-13-cm_11585-150x150.jpg",150,150,true],"medium":["https:\/\/back.mascotarea.com\/wp-content\/uploads\/2021\/05\/rosewood-biosafe-limon-13-cm_11585-240x300.jpg",240,300,true],"medium_large":["https:\/\/back.mascotarea.com\/wp-content\/uploads\/2021\/05\/rosewood-biosafe-limon-13-cm_11585-768x960.jpg",768,960,true],"large":["https:\/\/back.mascotarea.com\/wp-content\/uploads\/2021\/05\/rosewood-biosafe-limon-13-cm_11585.jpg",800,1000,false],"1536x1536":["https:\/\/back.mascotarea.com\/wp-content\/uploads\/2021\/05\/rosewood-biosafe-limon-13-cm_11585.jpg",800,1000,false],"2048x2048":["https:\/\/back.mascotarea.com\/wp-content\/uploads\/2021\/05\/rosewood-biosafe-limon-13-cm_11585.jpg",800,1000,false],"woocommerce_thumbnail":["https:\/\/back.mascotarea.com\/wp-content\/uploads\/2021\/05\/rosewood-biosafe-limon-13-cm_11585-200x200.jpg",200,200,true],"woocommerce_single":["https:\/\/back.mascotarea.com\/wp-content\/uploads\/2021\/05\/rosewood-biosafe-limon-13-cm_11585-200x250.jpg",200,250,true],"woocommerce_gallery_thumbnail":["https:\/\/back.mascotarea.com\/wp-content\/uploads\/2021\/05\/rosewood-biosafe-limon-13-cm_11585-100x100.jpg",100,100,true],"dgwt-wcas-product-suggestion":["https:\/\/back.mascotarea.com\/wp-content\/uploads\/2021\/05\/rosewood-biosafe-limon-13-cm_11585-64x80.jpg",64,80,true]},"uagb_author_info":{"display_name":"Roberto","author_link":"https:\/\/back.mascotarea.com\/?author=0"},"uagb_comment_info":0,"uagb_excerpt":"Rosewood Juguete Higi\u00e9nico Bucal Lim\u00f3n para perros es excelente para mantener a tu mascota entretenida y a la vez ejerciendo amplios beneficios en la salud oral del animal. Tambi\u00e9n es estimulante de las enc\u00edas y en tan solo 2 horas mata el 99% de los microbios. El producto emite sonido y es perfecto para ser&hellip;","_links":{"self":[{"href":"https:\/\/back.mascotarea.com\/index.php?rest_route=\/wp\/v2\/product\/8809","targetHints":{"allow":["GET"]}}],"collection":[{"href":"https:\/\/back.mascotarea.com\/index.php?rest_route=\/wp\/v2\/product"}],"about":[{"href":"https:\/\/back.mascotarea.com\/index.php?rest_route=\/wp\/v2\/types\/product"}],"replies":[{"embeddable":true,"href":"https:\/\/back.mascotarea.com\/index.php?rest_route=%2Fwp%2Fv2%2Fcomments&post=8809"}],"wp:featuredmedia":[{"embeddable":true,"href":"https:\/\/back.mascotarea.com\/index.php?rest_route=\/wp\/v2\/media\/8808"}],"wp:attachment":[{"href":"https:\/\/back.mascotarea.com\/index.php?rest_route=%2Fwp%2Fv2%2Fmedia&parent=8809"}],"wp:term":[{"taxonomy":"product_cat","embeddable":true,"href":"https:\/\/back.mascotarea.com\/index.php?rest_route=%2Fwp%2Fv2%2Fproduct_cat&post=8809"},{"taxonomy":"product_tag","embeddable":true,"href":"https:\/\/back.mascotarea.com\/index.php?rest_route=%2Fwp%2Fv2%2Fproduct_tag&post=8809"}],"curies":[{"name":"wp","href":"https:\/\/api.w.org\/{rel}","templated":true}]}}