{"id":8951,"date":"2021-05-19T14:45:45","date_gmt":"2021-05-19T14:45:45","guid":{"rendered":"https:\/\/back.mascotarea.com\/producto\/pelota-interactiva-snacks-rugby\/"},"modified":"2024-01-18T12:21:04","modified_gmt":"2024-01-18T12:21:04","slug":"pelota-interactiva-snacks-rugby","status":"publish","type":"product","link":"https:\/\/back.mascotarea.com\/?product=pelota-interactiva-snacks-rugby","title":{"rendered":"Pelota Interactiva Snacks Rugby"},"content":{"rendered":"","protected":false},"excerpt":{"rendered":"<p>Pelota roja de rugby hecha de espuma de TPR, con huecos donde introducir recompensas en forma de comida o snacks. Ideal para ser lanzada y que el perro vaya a buscarla y nos lo traiga. Tambi\u00e9n para que se entretenga mastic\u00e1ndola y ayudar a una buena higiene dental, favoreciendo la eliminaci\u00f3n del sarro y previniendo la formaci\u00f3n de la placa.<\/p>\n","protected":false},"featured_media":8950,"comment_status":"open","ping_status":"closed","template":"","meta":{"_uag_custom_page_level_css":"","_themeisle_gutenberg_block_has_review":false},"product_cat":[181],"product_tag":[],"class_list":{"0":"post-8951","1":"product","2":"type-product","3":"status-publish","4":"has-post-thumbnail","6":"product_cat-juguetes-para-perro","8":"first","9":"instock","10":"taxable","11":"shipping-taxable","12":"purchasable","13":"product-type-simple","14":"customify-col"},"uagb_featured_image_src":{"full":["https:\/\/back.mascotarea.com\/wp-content\/uploads\/2021\/05\/pelota-interactiva-snacks-rugby_11270.jpg",800,1000,false],"thumbnail":["https:\/\/back.mascotarea.com\/wp-content\/uploads\/2021\/05\/pelota-interactiva-snacks-rugby_11270-150x150.jpg",150,150,true],"medium":["https:\/\/back.mascotarea.com\/wp-content\/uploads\/2021\/05\/pelota-interactiva-snacks-rugby_11270-240x300.jpg",240,300,true],"medium_large":["https:\/\/back.mascotarea.com\/wp-content\/uploads\/2021\/05\/pelota-interactiva-snacks-rugby_11270-768x960.jpg",768,960,true],"large":["https:\/\/back.mascotarea.com\/wp-content\/uploads\/2021\/05\/pelota-interactiva-snacks-rugby_11270.jpg",800,1000,false],"1536x1536":["https:\/\/back.mascotarea.com\/wp-content\/uploads\/2021\/05\/pelota-interactiva-snacks-rugby_11270.jpg",800,1000,false],"2048x2048":["https:\/\/back.mascotarea.com\/wp-content\/uploads\/2021\/05\/pelota-interactiva-snacks-rugby_11270.jpg",800,1000,false],"woocommerce_thumbnail":["https:\/\/back.mascotarea.com\/wp-content\/uploads\/2021\/05\/pelota-interactiva-snacks-rugby_11270-200x200.jpg",200,200,true],"woocommerce_single":["https:\/\/back.mascotarea.com\/wp-content\/uploads\/2021\/05\/pelota-interactiva-snacks-rugby_11270-200x250.jpg",200,250,true],"woocommerce_gallery_thumbnail":["https:\/\/back.mascotarea.com\/wp-content\/uploads\/2021\/05\/pelota-interactiva-snacks-rugby_11270-100x100.jpg",100,100,true],"dgwt-wcas-product-suggestion":["https:\/\/back.mascotarea.com\/wp-content\/uploads\/2021\/05\/pelota-interactiva-snacks-rugby_11270-64x80.jpg",64,80,true]},"uagb_author_info":{"display_name":"Roberto","author_link":"https:\/\/back.mascotarea.com\/?author=0"},"uagb_comment_info":0,"uagb_excerpt":"Pelota roja de rugby hecha de espuma de TPR, con huecos donde introducir recompensas en forma de comida o snacks. Ideal para ser lanzada y que el perro vaya a buscarla y nos lo traiga. Tambi\u00e9n para que se entretenga mastic\u00e1ndola y ayudar a una buena higiene dental, favoreciendo la eliminaci\u00f3n del sarro y previniendo&hellip;","_links":{"self":[{"href":"https:\/\/back.mascotarea.com\/index.php?rest_route=\/wp\/v2\/product\/8951","targetHints":{"allow":["GET"]}}],"collection":[{"href":"https:\/\/back.mascotarea.com\/index.php?rest_route=\/wp\/v2\/product"}],"about":[{"href":"https:\/\/back.mascotarea.com\/index.php?rest_route=\/wp\/v2\/types\/product"}],"replies":[{"embeddable":true,"href":"https:\/\/back.mascotarea.com\/index.php?rest_route=%2Fwp%2Fv2%2Fcomments&post=8951"}],"wp:featuredmedia":[{"embeddable":true,"href":"https:\/\/back.mascotarea.com\/index.php?rest_route=\/wp\/v2\/media\/8950"}],"wp:attachment":[{"href":"https:\/\/back.mascotarea.com\/index.php?rest_route=%2Fwp%2Fv2%2Fmedia&parent=8951"}],"wp:term":[{"taxonomy":"product_cat","embeddable":true,"href":"https:\/\/back.mascotarea.com\/index.php?rest_route=%2Fwp%2Fv2%2Fproduct_cat&post=8951"},{"taxonomy":"product_tag","embeddable":true,"href":"https:\/\/back.mascotarea.com\/index.php?rest_route=%2Fwp%2Fv2%2Fproduct_tag&post=8951"}],"curies":[{"name":"wp","href":"https:\/\/api.w.org\/{rel}","templated":true}]}}