{"id":9094,"date":"2021-07-20T15:37:21","date_gmt":"2021-07-20T15:37:21","guid":{"rendered":"https:\/\/back.mascotarea.com\/producto\/peine-cortanudos-mango-goma-antidesl-18-cm\/"},"modified":"2023-06-04T06:11:15","modified_gmt":"2023-06-04T06:11:15","slug":"peine-cortanudos-mango-goma-antidesl-18-cm","status":"publish","type":"product","link":"https:\/\/back.mascotarea.com\/?product=peine-cortanudos-mango-goma-antidesl-18-cm","title":{"rendered":"Peine Cortanudos, Mango Goma Antidesl., 18 Cm"},"content":{"rendered":"","protected":false},"excerpt":{"rendered":"<p><\/p>\n<p>    para desenredar y aligerar<\/p>\n<p>    3,5 cm de longitud de las p\u00faas<\/p>\n<p>    con cantos dentados y protecci\u00f3n para el pulgar<\/p>\n<p>    asa pl\u00e1stico, agarre antideslizante de goma<\/p>\n<p><\/p><\/p>\n","protected":false},"featured_media":9093,"comment_status":"open","ping_status":"closed","template":"","meta":{"_uag_custom_page_level_css":"","_themeisle_gutenberg_block_has_review":false},"product_cat":[180],"product_tag":[],"class_list":{"0":"post-9094","1":"product","2":"type-product","3":"status-publish","4":"has-post-thumbnail","6":"product_cat-accesorios-de-peluqueria-para-perros","8":"first","9":"outofstock","10":"taxable","11":"shipping-taxable","12":"purchasable","13":"product-type-simple","14":"customify-col"},"uagb_featured_image_src":{"full":["https:\/\/back.mascotarea.com\/wp-content\/uploads\/2021\/07\/peine-cortanudos-mango-goma-antidesl-18-cm_1005178351.jpg",800,1000,false],"thumbnail":["https:\/\/back.mascotarea.com\/wp-content\/uploads\/2021\/07\/peine-cortanudos-mango-goma-antidesl-18-cm_1005178351-150x150.jpg",150,150,true],"medium":["https:\/\/back.mascotarea.com\/wp-content\/uploads\/2021\/07\/peine-cortanudos-mango-goma-antidesl-18-cm_1005178351-240x300.jpg",240,300,true],"medium_large":["https:\/\/back.mascotarea.com\/wp-content\/uploads\/2021\/07\/peine-cortanudos-mango-goma-antidesl-18-cm_1005178351-768x960.jpg",768,960,true],"large":["https:\/\/back.mascotarea.com\/wp-content\/uploads\/2021\/07\/peine-cortanudos-mango-goma-antidesl-18-cm_1005178351.jpg",800,1000,false],"1536x1536":["https:\/\/back.mascotarea.com\/wp-content\/uploads\/2021\/07\/peine-cortanudos-mango-goma-antidesl-18-cm_1005178351.jpg",800,1000,false],"2048x2048":["https:\/\/back.mascotarea.com\/wp-content\/uploads\/2021\/07\/peine-cortanudos-mango-goma-antidesl-18-cm_1005178351.jpg",800,1000,false],"woocommerce_thumbnail":["https:\/\/back.mascotarea.com\/wp-content\/uploads\/2021\/07\/peine-cortanudos-mango-goma-antidesl-18-cm_1005178351-200x200.jpg",200,200,true],"woocommerce_single":["https:\/\/back.mascotarea.com\/wp-content\/uploads\/2021\/07\/peine-cortanudos-mango-goma-antidesl-18-cm_1005178351-200x250.jpg",200,250,true],"woocommerce_gallery_thumbnail":["https:\/\/back.mascotarea.com\/wp-content\/uploads\/2021\/07\/peine-cortanudos-mango-goma-antidesl-18-cm_1005178351-100x100.jpg",100,100,true],"dgwt-wcas-product-suggestion":["https:\/\/back.mascotarea.com\/wp-content\/uploads\/2021\/07\/peine-cortanudos-mango-goma-antidesl-18-cm_1005178351-64x80.jpg",64,80,true]},"uagb_author_info":{"display_name":"Roberto","author_link":"https:\/\/back.mascotarea.com\/?author=0"},"uagb_comment_info":0,"uagb_excerpt":"para desenredar y aligerar 3,5 cm de longitud de las p\u00faas con cantos dentados y protecci\u00f3n para el pulgar asa pl\u00e1stico, agarre antideslizante de goma","_links":{"self":[{"href":"https:\/\/back.mascotarea.com\/index.php?rest_route=\/wp\/v2\/product\/9094","targetHints":{"allow":["GET"]}}],"collection":[{"href":"https:\/\/back.mascotarea.com\/index.php?rest_route=\/wp\/v2\/product"}],"about":[{"href":"https:\/\/back.mascotarea.com\/index.php?rest_route=\/wp\/v2\/types\/product"}],"replies":[{"embeddable":true,"href":"https:\/\/back.mascotarea.com\/index.php?rest_route=%2Fwp%2Fv2%2Fcomments&post=9094"}],"wp:featuredmedia":[{"embeddable":true,"href":"https:\/\/back.mascotarea.com\/index.php?rest_route=\/wp\/v2\/media\/9093"}],"wp:attachment":[{"href":"https:\/\/back.mascotarea.com\/index.php?rest_route=%2Fwp%2Fv2%2Fmedia&parent=9094"}],"wp:term":[{"taxonomy":"product_cat","embeddable":true,"href":"https:\/\/back.mascotarea.com\/index.php?rest_route=%2Fwp%2Fv2%2Fproduct_cat&post=9094"},{"taxonomy":"product_tag","embeddable":true,"href":"https:\/\/back.mascotarea.com\/index.php?rest_route=%2Fwp%2Fv2%2Fproduct_tag&post=9094"}],"curies":[{"name":"wp","href":"https:\/\/api.w.org\/{rel}","templated":true}]}}